{"id":38292,"date":"2024-08-01T06:41:00","date_gmt":"2024-08-01T06:41:00","guid":{"rendered":"https:\/\/eventgruen.online\/?post_type=product&#038;p=38292"},"modified":"2025-02-11T07:27:28","modified_gmt":"2025-02-11T07:27:28","slug":"kocher-fuer-spezialbitumen-hr-90i-hr-180i-und-rk180i","status":"publish","type":"product","link":"https:\/\/www.gruen-gmbh.de\/en\/product\/kocher-fuer-spezialbitumen-hr-90i-hr-180i-und-rk180i\/","title":{"rendered":"Boiler for special bitumen HR 90i, HR 180i and RK180i"},"content":{"rendered":"<p><strong>Firing:<\/strong><br \/>\nIndirect heating with heat transfer oil. A commercially available oil with a maximum thermal load of approx.\n330 \u00b0C should be used. Thermostatically controlled, propane vortex jet burner that does not require an electrical power supply. Unit is controlled via a temperature control valve in the heat transfer oil and in the melting pot. Option of controlling the temperature of the melted material with pointer thermometers.<\/p>\n<p>&nbsp;<\/p>\n<p><strong>Agitator:<\/strong><br \/>\nVertical agitator shaft with horizontal paddles and hand crank. The RK180i is driven by a geared AC motor, 220 V, 0.55 kW.<\/p>\n<p>&nbsp;<\/p>\n<p><strong>Included with delivery:<\/strong><br \/>\nUnit supplied complete with burner, control unit with 2 gas regulator valves, expansion tank, thermometer in the melted material, but with heat transfer oil.<\/p>","protected":false},"excerpt":{"rendered":"<p>Oil bath boiler HR 90i, HR 180i und RK180i.<\/p>","protected":false},"featured_media":39099,"template":"","meta":[],"product_brand":[],"product_cat":[24,108],"product_tag":[],"class_list":{"0":"post-38292","1":"product","2":"type-product","3":"status-publish","4":"has-post-thumbnail","6":"product_cat-dachgeraete-bautechnik","7":"product_cat-bitumenkocher","9":"first","10":"instock","11":"shipping-taxable","12":"product-type-simple"},"yoast_head":"<!-- This site is optimized with the Yoast SEO plugin v26.3 - https:\/\/yoast.com\/wordpress\/plugins\/seo\/ -->\n<title>Kocher f\u00fcr Spezialbitumen HR 90i, HR 180i und RK180i - Gr\u00fcn GmbH<\/title>\n<meta name=\"robots\" content=\"index, follow, max-snippet:-1, max-image-preview:large, max-video-preview:-1\" \/>\n<link rel=\"canonical\" href=\"https:\/\/www.gruen-gmbh.de\/en\/product\/kocher-fuer-spezialbitumen-hr-90i-hr-180i-und-rk180i\/\" \/>\n<meta property=\"og:locale\" content=\"en_US\" \/>\n<meta property=\"og:type\" content=\"article\" \/>\n<meta property=\"og:title\" content=\"Kocher f\u00fcr Spezialbitumen HR 90i, HR 180i und RK180i - Gr\u00fcn GmbH\" \/>\n<meta property=\"og:description\" content=\"\u00d6lbadkocher HR 90i, HR 180i und RK180i.\" \/>\n<meta property=\"og:url\" content=\"https:\/\/www.gruen-gmbh.de\/en\/product\/kocher-fuer-spezialbitumen-hr-90i-hr-180i-und-rk180i\/\" \/>\n<meta property=\"og:site_name\" content=\"Gr\u00fcn GmbH\" \/>\n<meta property=\"article:modified_time\" content=\"2025-02-11T07:27:28+00:00\" \/>\n<meta property=\"og:image\" content=\"https:\/\/www.gruen-gmbh.de\/wp-content\/uploads\/2024\/08\/02420000_HR90i_01_frei_4030956006364-1024x683-1.png\" \/>\n\t<meta property=\"og:image:width\" content=\"1024\" \/>\n\t<meta property=\"og:image:height\" content=\"683\" \/>\n\t<meta property=\"og:image:type\" content=\"image\/png\" \/>\n<meta name=\"twitter:card\" content=\"summary_large_image\" \/>\n<script type=\"application\/ld+json\" class=\"yoast-schema-graph\">{\"@context\":\"https:\/\/schema.org\",\"@graph\":[{\"@type\":\"WebPage\",\"@id\":\"https:\/\/www.gruen-gmbh.de\/produkt\/kocher-fuer-spezialbitumen-hr-90i-hr-180i-und-rk180i\/\",\"url\":\"https:\/\/www.gruen-gmbh.de\/produkt\/kocher-fuer-spezialbitumen-hr-90i-hr-180i-und-rk180i\/\",\"name\":\"Kocher f\u00fcr Spezialbitumen HR 90i, HR 180i und RK180i - Gr\u00fcn GmbH\",\"isPartOf\":{\"@id\":\"https:\/\/www.gruen-gmbh.de\/en\/#website\"},\"primaryImageOfPage\":{\"@id\":\"https:\/\/www.gruen-gmbh.de\/produkt\/kocher-fuer-spezialbitumen-hr-90i-hr-180i-und-rk180i\/#primaryimage\"},\"image\":{\"@id\":\"https:\/\/www.gruen-gmbh.de\/produkt\/kocher-fuer-spezialbitumen-hr-90i-hr-180i-und-rk180i\/#primaryimage\"},\"thumbnailUrl\":\"https:\/\/www.gruen-gmbh.de\/wp-content\/uploads\/2024\/08\/02420000_HR90i_01_frei_4030956006364-1024x683-1.png\",\"datePublished\":\"2024-08-01T06:41:00+00:00\",\"dateModified\":\"2025-02-11T07:27:28+00:00\",\"breadcrumb\":{\"@id\":\"https:\/\/www.gruen-gmbh.de\/produkt\/kocher-fuer-spezialbitumen-hr-90i-hr-180i-und-rk180i\/#breadcrumb\"},\"inLanguage\":\"en-US\",\"potentialAction\":[{\"@type\":\"ReadAction\",\"target\":[\"https:\/\/www.gruen-gmbh.de\/produkt\/kocher-fuer-spezialbitumen-hr-90i-hr-180i-und-rk180i\/\"]}]},{\"@type\":\"ImageObject\",\"inLanguage\":\"en-US\",\"@id\":\"https:\/\/www.gruen-gmbh.de\/produkt\/kocher-fuer-spezialbitumen-hr-90i-hr-180i-und-rk180i\/#primaryimage\",\"url\":\"https:\/\/www.gruen-gmbh.de\/wp-content\/uploads\/2024\/08\/02420000_HR90i_01_frei_4030956006364-1024x683-1.png\",\"contentUrl\":\"https:\/\/www.gruen-gmbh.de\/wp-content\/uploads\/2024\/08\/02420000_HR90i_01_frei_4030956006364-1024x683-1.png\",\"width\":1024,\"height\":683},{\"@type\":\"BreadcrumbList\",\"@id\":\"https:\/\/www.gruen-gmbh.de\/produkt\/kocher-fuer-spezialbitumen-hr-90i-hr-180i-und-rk180i\/#breadcrumb\",\"itemListElement\":[{\"@type\":\"ListItem\",\"position\":1,\"name\":\"Startseite\",\"item\":\"https:\/\/www.gruen-gmbh.de\/\"},{\"@type\":\"ListItem\",\"position\":2,\"name\":\"Shop\",\"item\":\"https:\/\/www.gruen-gmbh.de\/en\/shop\/\"},{\"@type\":\"ListItem\",\"position\":3,\"name\":\"Kocher f\u00fcr Spezialbitumen HR 90i, HR 180i und RK180i\"}]},{\"@type\":\"WebSite\",\"@id\":\"https:\/\/www.gruen-gmbh.de\/en\/#website\",\"url\":\"https:\/\/www.gruen-gmbh.de\/en\/\",\"name\":\"Gr\u00fcn GmbH\",\"description\":\"\",\"publisher\":{\"@id\":\"https:\/\/www.gruen-gmbh.de\/en\/#organization\"},\"potentialAction\":[{\"@type\":\"SearchAction\",\"target\":{\"@type\":\"EntryPoint\",\"urlTemplate\":\"https:\/\/www.gruen-gmbh.de\/en\/?s={search_term_string}\"},\"query-input\":{\"@type\":\"PropertyValueSpecification\",\"valueRequired\":true,\"valueName\":\"search_term_string\"}}],\"inLanguage\":\"en-US\"},{\"@type\":\"Organization\",\"@id\":\"https:\/\/www.gruen-gmbh.de\/en\/#organization\",\"name\":\"Gr\u00fcn GmbH\",\"url\":\"https:\/\/www.gruen-gmbh.de\/en\/\",\"logo\":{\"@type\":\"ImageObject\",\"inLanguage\":\"en-US\",\"@id\":\"https:\/\/www.gruen-gmbh.de\/en\/#\/schema\/logo\/image\/\",\"url\":\"https:\/\/www.gruen-gmbh.de\/wp-content\/uploads\/2024\/07\/gruen-logo.webp\",\"contentUrl\":\"https:\/\/www.gruen-gmbh.de\/wp-content\/uploads\/2024\/07\/gruen-logo.webp\",\"width\":672,\"height\":164,\"caption\":\"Gr\u00fcn GmbH\"},\"image\":{\"@id\":\"https:\/\/www.gruen-gmbh.de\/en\/#\/schema\/logo\/image\/\"}}]}<\/script>\n<!-- \/ Yoast SEO plugin. -->","yoast_head_json":{"title":"Kocher f\u00fcr Spezialbitumen HR 90i, HR 180i und RK180i - Gr\u00fcn GmbH","robots":{"index":"index","follow":"follow","max-snippet":"max-snippet:-1","max-image-preview":"max-image-preview:large","max-video-preview":"max-video-preview:-1"},"canonical":"https:\/\/www.gruen-gmbh.de\/en\/product\/kocher-fuer-spezialbitumen-hr-90i-hr-180i-und-rk180i\/","og_locale":"en_US","og_type":"article","og_title":"Kocher f\u00fcr Spezialbitumen HR 90i, HR 180i und RK180i - Gr\u00fcn GmbH","og_description":"\u00d6lbadkocher HR 90i, HR 180i und RK180i.","og_url":"https:\/\/www.gruen-gmbh.de\/en\/product\/kocher-fuer-spezialbitumen-hr-90i-hr-180i-und-rk180i\/","og_site_name":"Gr\u00fcn GmbH","article_modified_time":"2025-02-11T07:27:28+00:00","og_image":[{"width":1024,"height":683,"url":"https:\/\/www.gruen-gmbh.de\/wp-content\/uploads\/2024\/08\/02420000_HR90i_01_frei_4030956006364-1024x683-1.png","type":"image\/png"}],"twitter_card":"summary_large_image","schema":{"@context":"https:\/\/schema.org","@graph":[{"@type":"WebPage","@id":"https:\/\/www.gruen-gmbh.de\/produkt\/kocher-fuer-spezialbitumen-hr-90i-hr-180i-und-rk180i\/","url":"https:\/\/www.gruen-gmbh.de\/produkt\/kocher-fuer-spezialbitumen-hr-90i-hr-180i-und-rk180i\/","name":"Kocher f\u00fcr Spezialbitumen HR 90i, HR 180i und RK180i - Gr\u00fcn GmbH","isPartOf":{"@id":"https:\/\/www.gruen-gmbh.de\/en\/#website"},"primaryImageOfPage":{"@id":"https:\/\/www.gruen-gmbh.de\/produkt\/kocher-fuer-spezialbitumen-hr-90i-hr-180i-und-rk180i\/#primaryimage"},"image":{"@id":"https:\/\/www.gruen-gmbh.de\/produkt\/kocher-fuer-spezialbitumen-hr-90i-hr-180i-und-rk180i\/#primaryimage"},"thumbnailUrl":"https:\/\/www.gruen-gmbh.de\/wp-content\/uploads\/2024\/08\/02420000_HR90i_01_frei_4030956006364-1024x683-1.png","datePublished":"2024-08-01T06:41:00+00:00","dateModified":"2025-02-11T07:27:28+00:00","breadcrumb":{"@id":"https:\/\/www.gruen-gmbh.de\/produkt\/kocher-fuer-spezialbitumen-hr-90i-hr-180i-und-rk180i\/#breadcrumb"},"inLanguage":"en-US","potentialAction":[{"@type":"ReadAction","target":["https:\/\/www.gruen-gmbh.de\/produkt\/kocher-fuer-spezialbitumen-hr-90i-hr-180i-und-rk180i\/"]}]},{"@type":"ImageObject","inLanguage":"en-US","@id":"https:\/\/www.gruen-gmbh.de\/produkt\/kocher-fuer-spezialbitumen-hr-90i-hr-180i-und-rk180i\/#primaryimage","url":"https:\/\/www.gruen-gmbh.de\/wp-content\/uploads\/2024\/08\/02420000_HR90i_01_frei_4030956006364-1024x683-1.png","contentUrl":"https:\/\/www.gruen-gmbh.de\/wp-content\/uploads\/2024\/08\/02420000_HR90i_01_frei_4030956006364-1024x683-1.png","width":1024,"height":683},{"@type":"BreadcrumbList","@id":"https:\/\/www.gruen-gmbh.de\/produkt\/kocher-fuer-spezialbitumen-hr-90i-hr-180i-und-rk180i\/#breadcrumb","itemListElement":[{"@type":"ListItem","position":1,"name":"Startseite","item":"https:\/\/www.gruen-gmbh.de\/"},{"@type":"ListItem","position":2,"name":"Shop","item":"https:\/\/www.gruen-gmbh.de\/en\/shop\/"},{"@type":"ListItem","position":3,"name":"Kocher f\u00fcr Spezialbitumen HR 90i, HR 180i und RK180i"}]},{"@type":"WebSite","@id":"https:\/\/www.gruen-gmbh.de\/en\/#website","url":"https:\/\/www.gruen-gmbh.de\/en\/","name":"Gr\u00fcn GmbH","description":"","publisher":{"@id":"https:\/\/www.gruen-gmbh.de\/en\/#organization"},"potentialAction":[{"@type":"SearchAction","target":{"@type":"EntryPoint","urlTemplate":"https:\/\/www.gruen-gmbh.de\/en\/?s={search_term_string}"},"query-input":{"@type":"PropertyValueSpecification","valueRequired":true,"valueName":"search_term_string"}}],"inLanguage":"en-US"},{"@type":"Organization","@id":"https:\/\/www.gruen-gmbh.de\/en\/#organization","name":"Gr\u00fcn GmbH","url":"https:\/\/www.gruen-gmbh.de\/en\/","logo":{"@type":"ImageObject","inLanguage":"en-US","@id":"https:\/\/www.gruen-gmbh.de\/en\/#\/schema\/logo\/image\/","url":"https:\/\/www.gruen-gmbh.de\/wp-content\/uploads\/2024\/07\/gruen-logo.webp","contentUrl":"https:\/\/www.gruen-gmbh.de\/wp-content\/uploads\/2024\/07\/gruen-logo.webp","width":672,"height":164,"caption":"Gr\u00fcn GmbH"},"image":{"@id":"https:\/\/www.gruen-gmbh.de\/en\/#\/schema\/logo\/image\/"}}]}},"_links":{"self":[{"href":"https:\/\/www.gruen-gmbh.de\/en\/wp-json\/wp\/v2\/product\/38292","targetHints":{"allow":["GET"]}}],"collection":[{"href":"https:\/\/www.gruen-gmbh.de\/en\/wp-json\/wp\/v2\/product"}],"about":[{"href":"https:\/\/www.gruen-gmbh.de\/en\/wp-json\/wp\/v2\/types\/product"}],"version-history":[{"count":0,"href":"https:\/\/www.gruen-gmbh.de\/en\/wp-json\/wp\/v2\/product\/38292\/revisions"}],"wp:featuredmedia":[{"embeddable":true,"href":"https:\/\/www.gruen-gmbh.de\/en\/wp-json\/wp\/v2\/media\/39099"}],"wp:attachment":[{"href":"https:\/\/www.gruen-gmbh.de\/en\/wp-json\/wp\/v2\/media?parent=38292"}],"wp:term":[{"taxonomy":"product_brand","embeddable":true,"href":"https:\/\/www.gruen-gmbh.de\/en\/wp-json\/wp\/v2\/product_brand?post=38292"},{"taxonomy":"product_cat","embeddable":true,"href":"https:\/\/www.gruen-gmbh.de\/en\/wp-json\/wp\/v2\/product_cat?post=38292"},{"taxonomy":"product_tag","embeddable":true,"href":"https:\/\/www.gruen-gmbh.de\/en\/wp-json\/wp\/v2\/product_tag?post=38292"}],"curies":[{"name":"wp","href":"https:\/\/api.w.org\/{rel}","templated":true}]}}

<!-- This site is optimized with the Yoast SEO plugin v26.3 - https://yoast.com/wordpress/plugins/seo/ -->
<title>Kocher für Spezialbitumen HR 90i, HR 180i und RK180i - Grün GmbH</title>
<meta name="robots" content="index, follow, max-snippet:-1, max-image-preview:large, max-video-preview:-1" />
<link rel="canonical" href="https://www.gruen-gmbh.de/en/product/kocher-fuer-spezialbitumen-hr-90i-hr-180i-und-rk180i/" />
<meta property="og:locale" content="en_US" />
<meta property="og:type" content="article" />
<meta property="og:title" content="Kocher für Spezialbitumen HR 90i, HR 180i und RK180i - Grün GmbH" />
<meta property="og:description" content="Ölbadkocher HR 90i, HR 180i und RK180i." />
<meta property="og:url" content="https://www.gruen-gmbh.de/en/product/kocher-fuer-spezialbitumen-hr-90i-hr-180i-und-rk180i/" />
<meta property="og:site_name" content="Grün GmbH" />
<meta property="article:modified_time" content="2025-02-11T07:27:28+00:00" />
<meta property="og:image" content="https://www.gruen-gmbh.de/wp-content/uploads/2024/08/02420000_HR90i_01_frei_4030956006364-1024x683-1.png" />
	<meta property="og:image:width" content="1024" />
	<meta property="og:image:height" content="683" />
	<meta property="og:image:type" content="image/png" />
<meta name="twitter:card" content="summary_large_image" />
<script type="application/ld+json" class="yoast-schema-graph">{"@context":"https://schema.org","@graph":[{"@type":"WebPage","@id":"https://www.gruen-gmbh.de/produkt/kocher-fuer-spezialbitumen-hr-90i-hr-180i-und-rk180i/","url":"https://www.gruen-gmbh.de/produkt/kocher-fuer-spezialbitumen-hr-90i-hr-180i-und-rk180i/","name":"Kocher für Spezialbitumen HR 90i, HR 180i und RK180i - Grün GmbH","isPartOf":{"@id":"https://www.gruen-gmbh.de/en/#website"},"primaryImageOfPage":{"@id":"https://www.gruen-gmbh.de/produkt/kocher-fuer-spezialbitumen-hr-90i-hr-180i-und-rk180i/#primaryimage"},"image":{"@id":"https://www.gruen-gmbh.de/produkt/kocher-fuer-spezialbitumen-hr-90i-hr-180i-und-rk180i/#primaryimage"},"thumbnailUrl":"https://www.gruen-gmbh.de/wp-content/uploads/2024/08/02420000_HR90i_01_frei_4030956006364-1024x683-1.png","datePublished":"2024-08-01T06:41:00+00:00","dateModified":"2025-02-11T07:27:28+00:00","breadcrumb":{"@id":"https://www.gruen-gmbh.de/produkt/kocher-fuer-spezialbitumen-hr-90i-hr-180i-und-rk180i/#breadcrumb"},"inLanguage":"en-US","potentialAction":[{"@type":"ReadAction","target":["https://www.gruen-gmbh.de/produkt/kocher-fuer-spezialbitumen-hr-90i-hr-180i-und-rk180i/"]}]},{"@type":"ImageObject","inLanguage":"en-US","@id":"https://www.gruen-gmbh.de/produkt/kocher-fuer-spezialbitumen-hr-90i-hr-180i-und-rk180i/#primaryimage","url":"https://www.gruen-gmbh.de/wp-content/uploads/2024/08/02420000_HR90i_01_frei_4030956006364-1024x683-1.png","contentUrl":"https://www.gruen-gmbh.de/wp-content/uploads/2024/08/02420000_HR90i_01_frei_4030956006364-1024x683-1.png","width":1024,"height":683},{"@type":"BreadcrumbList","@id":"https://www.gruen-gmbh.de/produkt/kocher-fuer-spezialbitumen-hr-90i-hr-180i-und-rk180i/#breadcrumb","itemListElement":[{"@type":"ListItem","position":1,"name":"Startseite","item":"https://www.gruen-gmbh.de/"},{"@type":"ListItem","position":2,"name":"Shop","item":"https://www.gruen-gmbh.de/en/shop/"},{"@type":"ListItem","position":3,"name":"Kocher für Spezialbitumen HR 90i, HR 180i und RK180i"}]},{"@type":"WebSite","@id":"https://www.gruen-gmbh.de/en/#website","url":"https://www.gruen-gmbh.de/en/","name":"Grün GmbH","description":"","publisher":{"@id":"https://www.gruen-gmbh.de/en/#organization"},"potentialAction":[{"@type":"SearchAction","target":{"@type":"EntryPoint","urlTemplate":"https://www.gruen-gmbh.de/en/?s={search_term_string}"},"query-input":{"@type":"PropertyValueSpecification","valueRequired":true,"valueName":"search_term_string"}}],"inLanguage":"en-US"},{"@type":"Organization","@id":"https://www.gruen-gmbh.de/en/#organization","name":"Grün GmbH","url":"https://www.gruen-gmbh.de/en/","logo":{"@type":"ImageObject","inLanguage":"en-US","@id":"https://www.gruen-gmbh.de/en/#/schema/logo/image/","url":"https://www.gruen-gmbh.de/wp-content/uploads/2024/07/gruen-logo.webp","contentUrl":"https://www.gruen-gmbh.de/wp-content/uploads/2024/07/gruen-logo.webp","width":672,"height":164,"caption":"Grün GmbH"},"image":{"@id":"https://www.gruen-gmbh.de/en/#/schema/logo/image/"}}]}</script>
<!-- / Yoast SEO plugin. -->

Kocher für Spezialbitumen HR 90i, HR 180i und RK180i - Grün GmbH

Ölbadkocher HR 90i, HR 180i und RK180i.

Grün GmbH

Kocher für Spezialbitumen HR 90i, HR 180i und RK180i
