{"id":38327,"date":"2024-08-01T07:00:49","date_gmt":"2024-08-01T07:00:49","guid":{"rendered":"https:\/\/eventgruen.online\/?post_type=product&#038;p=38327"},"modified":"2025-02-11T07:38:14","modified_gmt":"2025-02-11T07:38:14","slug":"standardbrenner-s-45-o","status":"publish","type":"product","link":"https:\/\/www.gruen-gmbh.de\/en\/product\/standardbrenner-s-45-o\/","title":{"rendered":"Standard Burner S 45 \u00d8"},"content":{"rendered":"<p>Propane burner for professionals. For drying and all aspects of felt laying.<\/p>\n<ul>\n<li>strong<\/li>\n<li>firm<\/li>\n<li>safe<\/li>\n<li>functionally tested<\/li>\n<li>stainless<\/li>\n<\/ul>\n<p>&nbsp;<\/p>\n<p>The Standard Burner is available in 3 various lengths.<\/p>","protected":false},"excerpt":{"rendered":"<p>Propane burner for professionals. For drying and all aspects of felt laying.<\/p>\n<ul>\n<li>strong<\/li>\n<li>firm<\/li>\n<li>safe<\/li>\n<li>functionally tested<\/li>\n<li>stainless<\/li>\n<\/ul>\n<p>&nbsp;<\/p>\n<p>The Standard Burner is available in 3 various lengths.<\/p>","protected":false},"featured_media":39131,"template":"","meta":[],"product_brand":[],"product_cat":[24,111,112],"product_tag":[],"class_list":{"0":"post-38327","1":"product","2":"type-product","3":"status-publish","4":"has-post-thumbnail","6":"product_cat-dachgeraete-bautechnik","7":"product_cat-profi-propan-brenner","8":"product_cat-edelstahl-brenner","10":"first","11":"instock","12":"shipping-taxable","13":"product-type-simple"},"yoast_head":"<!-- This site is optimized with the Yoast SEO plugin v26.3 - https:\/\/yoast.com\/wordpress\/plugins\/seo\/ -->\n<title>Standardbrenner S 45 \u00d8 - Gr\u00fcn GmbH<\/title>\n<meta name=\"robots\" content=\"index, follow, max-snippet:-1, max-image-preview:large, max-video-preview:-1\" \/>\n<link rel=\"canonical\" href=\"https:\/\/www.gruen-gmbh.de\/en\/product\/standardbrenner-s-45-o\/\" \/>\n<meta property=\"og:locale\" content=\"en_US\" \/>\n<meta property=\"og:type\" content=\"article\" \/>\n<meta property=\"og:title\" content=\"Standardbrenner S 45 \u00d8 - Gr\u00fcn GmbH\" \/>\n<meta property=\"og:description\" content=\"Die Propan Profi Handbrenner eignen sich zum Schwei\u00dfen und Trocknen.   kraftvoll  stabil  sicher  funktionsgepr\u00fcft  rostfrei  &nbsp;  Den Standardbrenner S 45 gibt es in 3 verschiedenen L\u00e4ngen.\" \/>\n<meta property=\"og:url\" content=\"https:\/\/www.gruen-gmbh.de\/en\/product\/standardbrenner-s-45-o\/\" \/>\n<meta property=\"og:site_name\" content=\"Gr\u00fcn GmbH\" \/>\n<meta property=\"article:modified_time\" content=\"2025-02-11T07:38:14+00:00\" \/>\n<meta property=\"og:image\" content=\"https:\/\/www.gruen-gmbh.de\/wp-content\/uploads\/2024\/08\/01070000_S45_400_4030956002410-1024x683-1.png\" \/>\n\t<meta property=\"og:image:width\" content=\"1024\" \/>\n\t<meta property=\"og:image:height\" content=\"683\" \/>\n\t<meta property=\"og:image:type\" content=\"image\/png\" \/>\n<meta name=\"twitter:card\" content=\"summary_large_image\" \/>\n<script type=\"application\/ld+json\" class=\"yoast-schema-graph\">{\"@context\":\"https:\/\/schema.org\",\"@graph\":[{\"@type\":\"WebPage\",\"@id\":\"https:\/\/www.gruen-gmbh.de\/en\/product\/standardbrenner-s-45-o\/\",\"url\":\"https:\/\/www.gruen-gmbh.de\/en\/product\/standardbrenner-s-45-o\/\",\"name\":\"Standardbrenner S 45 \u00d8 - Gr\u00fcn GmbH\",\"isPartOf\":{\"@id\":\"https:\/\/www.gruen-gmbh.de\/en\/#website\"},\"primaryImageOfPage\":{\"@id\":\"https:\/\/www.gruen-gmbh.de\/en\/product\/standardbrenner-s-45-o\/#primaryimage\"},\"image\":{\"@id\":\"https:\/\/www.gruen-gmbh.de\/en\/product\/standardbrenner-s-45-o\/#primaryimage\"},\"thumbnailUrl\":\"https:\/\/www.gruen-gmbh.de\/wp-content\/uploads\/2024\/08\/01070000_S45_400_4030956002410-1024x683-1.png\",\"datePublished\":\"2024-08-01T07:00:49+00:00\",\"dateModified\":\"2025-02-11T07:38:14+00:00\",\"breadcrumb\":{\"@id\":\"https:\/\/www.gruen-gmbh.de\/en\/product\/standardbrenner-s-45-o\/#breadcrumb\"},\"inLanguage\":\"en-US\",\"potentialAction\":[{\"@type\":\"ReadAction\",\"target\":[\"https:\/\/www.gruen-gmbh.de\/en\/product\/standardbrenner-s-45-o\/\"]}]},{\"@type\":\"ImageObject\",\"inLanguage\":\"en-US\",\"@id\":\"https:\/\/www.gruen-gmbh.de\/en\/product\/standardbrenner-s-45-o\/#primaryimage\",\"url\":\"https:\/\/www.gruen-gmbh.de\/wp-content\/uploads\/2024\/08\/01070000_S45_400_4030956002410-1024x683-1.png\",\"contentUrl\":\"https:\/\/www.gruen-gmbh.de\/wp-content\/uploads\/2024\/08\/01070000_S45_400_4030956002410-1024x683-1.png\",\"width\":1024,\"height\":683},{\"@type\":\"BreadcrumbList\",\"@id\":\"https:\/\/www.gruen-gmbh.de\/en\/product\/standardbrenner-s-45-o\/#breadcrumb\",\"itemListElement\":[{\"@type\":\"ListItem\",\"position\":1,\"name\":\"Startseite\",\"item\":\"https:\/\/www.gruen-gmbh.de\/\"},{\"@type\":\"ListItem\",\"position\":2,\"name\":\"Shop\",\"item\":\"https:\/\/www.gruen-gmbh.de\/en\/shop\/\"},{\"@type\":\"ListItem\",\"position\":3,\"name\":\"Standardbrenner S 45 \u00d8\"}]},{\"@type\":\"WebSite\",\"@id\":\"https:\/\/www.gruen-gmbh.de\/en\/#website\",\"url\":\"https:\/\/www.gruen-gmbh.de\/en\/\",\"name\":\"Gr\u00fcn GmbH\",\"description\":\"\",\"publisher\":{\"@id\":\"https:\/\/www.gruen-gmbh.de\/en\/#organization\"},\"potentialAction\":[{\"@type\":\"SearchAction\",\"target\":{\"@type\":\"EntryPoint\",\"urlTemplate\":\"https:\/\/www.gruen-gmbh.de\/en\/?s={search_term_string}\"},\"query-input\":{\"@type\":\"PropertyValueSpecification\",\"valueRequired\":true,\"valueName\":\"search_term_string\"}}],\"inLanguage\":\"en-US\"},{\"@type\":\"Organization\",\"@id\":\"https:\/\/www.gruen-gmbh.de\/en\/#organization\",\"name\":\"Gr\u00fcn GmbH\",\"url\":\"https:\/\/www.gruen-gmbh.de\/en\/\",\"logo\":{\"@type\":\"ImageObject\",\"inLanguage\":\"en-US\",\"@id\":\"https:\/\/www.gruen-gmbh.de\/en\/#\/schema\/logo\/image\/\",\"url\":\"https:\/\/www.gruen-gmbh.de\/wp-content\/uploads\/2024\/07\/gruen-logo.webp\",\"contentUrl\":\"https:\/\/www.gruen-gmbh.de\/wp-content\/uploads\/2024\/07\/gruen-logo.webp\",\"width\":672,\"height\":164,\"caption\":\"Gr\u00fcn GmbH\"},\"image\":{\"@id\":\"https:\/\/www.gruen-gmbh.de\/en\/#\/schema\/logo\/image\/\"}}]}<\/script>\n<!-- \/ Yoast SEO plugin. -->","yoast_head_json":{"title":"Standardbrenner S 45 \u00d8 - Gr\u00fcn GmbH","robots":{"index":"index","follow":"follow","max-snippet":"max-snippet:-1","max-image-preview":"max-image-preview:large","max-video-preview":"max-video-preview:-1"},"canonical":"https:\/\/www.gruen-gmbh.de\/en\/product\/standardbrenner-s-45-o\/","og_locale":"en_US","og_type":"article","og_title":"Standardbrenner S 45 \u00d8 - Gr\u00fcn GmbH","og_description":"Die Propan Profi Handbrenner eignen sich zum Schwei\u00dfen und Trocknen.   kraftvoll  stabil  sicher  funktionsgepr\u00fcft  rostfrei  &nbsp;  Den Standardbrenner S 45 gibt es in 3 verschiedenen L\u00e4ngen.","og_url":"https:\/\/www.gruen-gmbh.de\/en\/product\/standardbrenner-s-45-o\/","og_site_name":"Gr\u00fcn GmbH","article_modified_time":"2025-02-11T07:38:14+00:00","og_image":[{"width":1024,"height":683,"url":"https:\/\/www.gruen-gmbh.de\/wp-content\/uploads\/2024\/08\/01070000_S45_400_4030956002410-1024x683-1.png","type":"image\/png"}],"twitter_card":"summary_large_image","schema":{"@context":"https:\/\/schema.org","@graph":[{"@type":"WebPage","@id":"https:\/\/www.gruen-gmbh.de\/en\/product\/standardbrenner-s-45-o\/","url":"https:\/\/www.gruen-gmbh.de\/en\/product\/standardbrenner-s-45-o\/","name":"Standardbrenner S 45 \u00d8 - Gr\u00fcn GmbH","isPartOf":{"@id":"https:\/\/www.gruen-gmbh.de\/en\/#website"},"primaryImageOfPage":{"@id":"https:\/\/www.gruen-gmbh.de\/en\/product\/standardbrenner-s-45-o\/#primaryimage"},"image":{"@id":"https:\/\/www.gruen-gmbh.de\/en\/product\/standardbrenner-s-45-o\/#primaryimage"},"thumbnailUrl":"https:\/\/www.gruen-gmbh.de\/wp-content\/uploads\/2024\/08\/01070000_S45_400_4030956002410-1024x683-1.png","datePublished":"2024-08-01T07:00:49+00:00","dateModified":"2025-02-11T07:38:14+00:00","breadcrumb":{"@id":"https:\/\/www.gruen-gmbh.de\/en\/product\/standardbrenner-s-45-o\/#breadcrumb"},"inLanguage":"en-US","potentialAction":[{"@type":"ReadAction","target":["https:\/\/www.gruen-gmbh.de\/en\/product\/standardbrenner-s-45-o\/"]}]},{"@type":"ImageObject","inLanguage":"en-US","@id":"https:\/\/www.gruen-gmbh.de\/en\/product\/standardbrenner-s-45-o\/#primaryimage","url":"https:\/\/www.gruen-gmbh.de\/wp-content\/uploads\/2024\/08\/01070000_S45_400_4030956002410-1024x683-1.png","contentUrl":"https:\/\/www.gruen-gmbh.de\/wp-content\/uploads\/2024\/08\/01070000_S45_400_4030956002410-1024x683-1.png","width":1024,"height":683},{"@type":"BreadcrumbList","@id":"https:\/\/www.gruen-gmbh.de\/en\/product\/standardbrenner-s-45-o\/#breadcrumb","itemListElement":[{"@type":"ListItem","position":1,"name":"Startseite","item":"https:\/\/www.gruen-gmbh.de\/"},{"@type":"ListItem","position":2,"name":"Shop","item":"https:\/\/www.gruen-gmbh.de\/en\/shop\/"},{"@type":"ListItem","position":3,"name":"Standardbrenner S 45 \u00d8"}]},{"@type":"WebSite","@id":"https:\/\/www.gruen-gmbh.de\/en\/#website","url":"https:\/\/www.gruen-gmbh.de\/en\/","name":"Gr\u00fcn GmbH","description":"","publisher":{"@id":"https:\/\/www.gruen-gmbh.de\/en\/#organization"},"potentialAction":[{"@type":"SearchAction","target":{"@type":"EntryPoint","urlTemplate":"https:\/\/www.gruen-gmbh.de\/en\/?s={search_term_string}"},"query-input":{"@type":"PropertyValueSpecification","valueRequired":true,"valueName":"search_term_string"}}],"inLanguage":"en-US"},{"@type":"Organization","@id":"https:\/\/www.gruen-gmbh.de\/en\/#organization","name":"Gr\u00fcn GmbH","url":"https:\/\/www.gruen-gmbh.de\/en\/","logo":{"@type":"ImageObject","inLanguage":"en-US","@id":"https:\/\/www.gruen-gmbh.de\/en\/#\/schema\/logo\/image\/","url":"https:\/\/www.gruen-gmbh.de\/wp-content\/uploads\/2024\/07\/gruen-logo.webp","contentUrl":"https:\/\/www.gruen-gmbh.de\/wp-content\/uploads\/2024\/07\/gruen-logo.webp","width":672,"height":164,"caption":"Gr\u00fcn GmbH"},"image":{"@id":"https:\/\/www.gruen-gmbh.de\/en\/#\/schema\/logo\/image\/"}}]}},"_links":{"self":[{"href":"https:\/\/www.gruen-gmbh.de\/en\/wp-json\/wp\/v2\/product\/38327","targetHints":{"allow":["GET"]}}],"collection":[{"href":"https:\/\/www.gruen-gmbh.de\/en\/wp-json\/wp\/v2\/product"}],"about":[{"href":"https:\/\/www.gruen-gmbh.de\/en\/wp-json\/wp\/v2\/types\/product"}],"version-history":[{"count":0,"href":"https:\/\/www.gruen-gmbh.de\/en\/wp-json\/wp\/v2\/product\/38327\/revisions"}],"wp:featuredmedia":[{"embeddable":true,"href":"https:\/\/www.gruen-gmbh.de\/en\/wp-json\/wp\/v2\/media\/39131"}],"wp:attachment":[{"href":"https:\/\/www.gruen-gmbh.de\/en\/wp-json\/wp\/v2\/media?parent=38327"}],"wp:term":[{"taxonomy":"product_brand","embeddable":true,"href":"https:\/\/www.gruen-gmbh.de\/en\/wp-json\/wp\/v2\/product_brand?post=38327"},{"taxonomy":"product_cat","embeddable":true,"href":"https:\/\/www.gruen-gmbh.de\/en\/wp-json\/wp\/v2\/product_cat?post=38327"},{"taxonomy":"product_tag","embeddable":true,"href":"https:\/\/www.gruen-gmbh.de\/en\/wp-json\/wp\/v2\/product_tag?post=38327"}],"curies":[{"name":"wp","href":"https:\/\/api.w.org\/{rel}","templated":true}]}}

Standard Burner S 45 Ø

<!-- This site is optimized with the Yoast SEO plugin v26.3 - https://yoast.com/wordpress/plugins/seo/ -->
<title>Standardbrenner S 45 Ø - Grün GmbH</title>
<meta name="robots" content="index, follow, max-snippet:-1, max-image-preview:large, max-video-preview:-1" />
<link rel="canonical" href="https://www.gruen-gmbh.de/en/product/standardbrenner-s-45-o/" />
<meta property="og:locale" content="en_US" />
<meta property="og:type" content="article" />
<meta property="og:title" content="Standardbrenner S 45 Ø - Grün GmbH" />
<meta property="og:description" content="Die Propan Profi Handbrenner eignen sich zum Schweißen und Trocknen.   kraftvoll  stabil  sicher  funktionsgeprüft  rostfrei  &nbsp;  Den Standardbrenner S 45 gibt es in 3 verschiedenen Längen." />
<meta property="og:url" content="https://www.gruen-gmbh.de/en/product/standardbrenner-s-45-o/" />
<meta property="og:site_name" content="Grün GmbH" />
<meta property="article:modified_time" content="2025-02-11T07:38:14+00:00" />
<meta property="og:image" content="https://www.gruen-gmbh.de/wp-content/uploads/2024/08/01070000_S45_400_4030956002410-1024x683-1.png" />
	<meta property="og:image:width" content="1024" />
	<meta property="og:image:height" content="683" />
	<meta property="og:image:type" content="image/png" />
<meta name="twitter:card" content="summary_large_image" />
<script type="application/ld+json" class="yoast-schema-graph">{"@context":"https://schema.org","@graph":[{"@type":"WebPage","@id":"https://www.gruen-gmbh.de/en/product/standardbrenner-s-45-o/","url":"https://www.gruen-gmbh.de/en/product/standardbrenner-s-45-o/","name":"Standardbrenner S 45 Ø - Grün GmbH","isPartOf":{"@id":"https://www.gruen-gmbh.de/en/#website"},"primaryImageOfPage":{"@id":"https://www.gruen-gmbh.de/en/product/standardbrenner-s-45-o/#primaryimage"},"image":{"@id":"https://www.gruen-gmbh.de/en/product/standardbrenner-s-45-o/#primaryimage"},"thumbnailUrl":"https://www.gruen-gmbh.de/wp-content/uploads/2024/08/01070000_S45_400_4030956002410-1024x683-1.png","datePublished":"2024-08-01T07:00:49+00:00","dateModified":"2025-02-11T07:38:14+00:00","breadcrumb":{"@id":"https://www.gruen-gmbh.de/en/product/standardbrenner-s-45-o/#breadcrumb"},"inLanguage":"en-US","potentialAction":[{"@type":"ReadAction","target":["https://www.gruen-gmbh.de/en/product/standardbrenner-s-45-o/"]}]},{"@type":"ImageObject","inLanguage":"en-US","@id":"https://www.gruen-gmbh.de/en/product/standardbrenner-s-45-o/#primaryimage","url":"https://www.gruen-gmbh.de/wp-content/uploads/2024/08/01070000_S45_400_4030956002410-1024x683-1.png","contentUrl":"https://www.gruen-gmbh.de/wp-content/uploads/2024/08/01070000_S45_400_4030956002410-1024x683-1.png","width":1024,"height":683},{"@type":"BreadcrumbList","@id":"https://www.gruen-gmbh.de/en/product/standardbrenner-s-45-o/#breadcrumb","itemListElement":[{"@type":"ListItem","position":1,"name":"Startseite","item":"https://www.gruen-gmbh.de/"},{"@type":"ListItem","position":2,"name":"Shop","item":"https://www.gruen-gmbh.de/en/shop/"},{"@type":"ListItem","position":3,"name":"Standardbrenner S 45 Ø"}]},{"@type":"WebSite","@id":"https://www.gruen-gmbh.de/en/#website","url":"https://www.gruen-gmbh.de/en/","name":"Grün GmbH","description":"","publisher":{"@id":"https://www.gruen-gmbh.de/en/#organization"},"potentialAction":[{"@type":"SearchAction","target":{"@type":"EntryPoint","urlTemplate":"https://www.gruen-gmbh.de/en/?s={search_term_string}"},"query-input":{"@type":"PropertyValueSpecification","valueRequired":true,"valueName":"search_term_string"}}],"inLanguage":"en-US"},{"@type":"Organization","@id":"https://www.gruen-gmbh.de/en/#organization","name":"Grün GmbH","url":"https://www.gruen-gmbh.de/en/","logo":{"@type":"ImageObject","inLanguage":"en-US","@id":"https://www.gruen-gmbh.de/en/#/schema/logo/image/","url":"https://www.gruen-gmbh.de/wp-content/uploads/2024/07/gruen-logo.webp","contentUrl":"https://www.gruen-gmbh.de/wp-content/uploads/2024/07/gruen-logo.webp","width":672,"height":164,"caption":"Grün GmbH"},"image":{"@id":"https://www.gruen-gmbh.de/en/#/schema/logo/image/"}}]}</script>
<!-- / Yoast SEO plugin. -->

Standardbrenner S 45 Ø - Grün GmbH

Die Propan Profi Handbrenner eignen sich zum Schweißen und Trocknen.   kraftvoll  stabil  sicher  funktionsgeprüft  rostfrei  &nbsp;  Den Standardbrenner S 45 gibt es in 3 verschiedenen Längen.

Grün GmbH

Standardbrenner S 45 Ø
