{"id":39534,"date":"2024-08-27T09:23:03","date_gmt":"2024-08-27T09:23:03","guid":{"rendered":"https:\/\/eventgruen.online\/?post_type=product&#038;p=39534"},"modified":"2025-09-01T11:20:15","modified_gmt":"2025-09-01T11:20:15","slug":"barrial-shed-dach","status":"publish","type":"product","link":"https:\/\/www.gruen-gmbh.de\/en\/product\/barrial-shed-dach\/","title":{"rendered":"Barrial\u00ae Shed-Dach"},"content":{"rendered":"<h3>Barrial<sup>\u00ae<\/sup> Shed-Dach<\/h3>\n<h6>Components:<\/h6>\n<div class=\"table-responsive\">\n<table style=\"height: 272px;\" width=\"693\">\n<tbody>\n<tr>\n<td rowspan=\"6\"><img fetchpriority=\"high\" decoding=\"async\" class=\"alignnone size-medium wp-image-40453\" src=\"http:\/\/gruen-gmbh.de\/wp-content\/uploads\/2024\/08\/System-Shed-Dach-187x300.png\" alt=\"\" width=\"187\" height=\"300\" srcset=\"https:\/\/www.gruen-gmbh.de\/wp-content\/uploads\/2024\/08\/System-Shed-Dach-187x300.png 187w, https:\/\/www.gruen-gmbh.de\/wp-content\/uploads\/2024\/08\/System-Shed-Dach-7x12.png 7w, https:\/\/www.gruen-gmbh.de\/wp-content\/uploads\/2024\/08\/System-Shed-Dach.png 230w\" sizes=\"(max-width: 187px) 100vw, 187px\" \/><\/td>\n<td>1 \u2013 Barrial\u00ae support profile<\/td>\n<\/tr>\n<tr>\n<td>2 \u2013 Cover cap for support<\/td>\n<\/tr>\n<tr>\n<td>3 \u2013 Clamping bracket for railing profile<\/td>\n<\/tr>\n<tr>\n<td>4 \u2013 Handrail and intermediate rail<\/td>\n<\/tr>\n<tr>\n<td>5 \u2013 Self-adhesive sealing tape (included \u2013 to be applied on site)<\/td>\n<\/tr>\n<tr>\n<td>6 \u2013 Thread-forming screws with sealing washer (included in the scope of delivery)<\/td>\n<\/tr>\n<\/tbody>\n<\/table>\n<\/div>\n<p class=\" translation-block\"><strong>Barrial\u00ae Shed-Dach<\/strong> is attached to the metal substructure of the shed roof. To ensure that the posts are sealed to the roof glazing, we recommend installing the railing system with self-adhesive sealing tape (included in the scope of delivery) and self-drilling fixing screws (also included in the scope of delivery).<\/p>","protected":false},"excerpt":{"rendered":"<p>Aluminum guard rails for shed roofs<\/p>\n<ul>\n<li>Functional design, high degree of prefabrication<\/li>\n<li>Delivery incl. detailed installation plan<\/li>\n<li>Quick and easy installation<\/li>\n<li>Complies with the Norm EN ISO 14122-3 and EN 13374-A<\/li>\n<\/ul>","protected":false},"featured_media":39535,"template":"","meta":[],"product_brand":[],"product_cat":[19,95,179],"product_tag":[],"class_list":{"0":"post-39534","1":"product","2":"type-product","3":"status-publish","4":"has-post-thumbnail","6":"product_cat-absturzsicherungssysteme","7":"product_cat-kollektivschutz","8":"product_cat-barrial-schutzgelaender","10":"first","11":"instock","12":"shipping-taxable","13":"product-type-simple"},"yoast_head":"<!-- This site is optimized with the Yoast SEO plugin v26.3 - https:\/\/yoast.com\/wordpress\/plugins\/seo\/ -->\n<title>Barrial\u00ae Shed-Dach - Gr\u00fcn GmbH<\/title>\n<meta name=\"robots\" content=\"index, follow, max-snippet:-1, max-image-preview:large, max-video-preview:-1\" \/>\n<link rel=\"canonical\" href=\"https:\/\/www.gruen-gmbh.de\/en\/product\/barrial-shed-dach\/\" \/>\n<meta property=\"og:locale\" content=\"en_US\" \/>\n<meta property=\"og:type\" content=\"article\" \/>\n<meta property=\"og:title\" content=\"Barrial\u00ae Shed-Dach - Gr\u00fcn GmbH\" \/>\n<meta property=\"og:description\" content=\"Aluminium-Sicherheitsgel\u00e4nder f\u00fcr Shedd\u00e4cher   Funktionelles Design, hoher Vorfertigungsgrad  Lieferung inkl. detailliertem Verlegeplan  Schnelle und einfache Montage  Entspricht den Normen EN ISO 14122-3 und EN 13374-A\" \/>\n<meta property=\"og:url\" content=\"https:\/\/www.gruen-gmbh.de\/en\/product\/barrial-shed-dach\/\" \/>\n<meta property=\"og:site_name\" content=\"Gr\u00fcn GmbH\" \/>\n<meta property=\"article:modified_time\" content=\"2025-09-01T11:20:15+00:00\" \/>\n<meta property=\"og:image\" content=\"https:\/\/www.gruen-gmbh.de\/wp-content\/uploads\/2024\/08\/Shed-Dach-mit-Detailzeichnung.png\" \/>\n\t<meta property=\"og:image:width\" content=\"615\" \/>\n\t<meta property=\"og:image:height\" content=\"441\" \/>\n\t<meta property=\"og:image:type\" content=\"image\/png\" \/>\n<meta name=\"twitter:card\" content=\"summary_large_image\" \/>\n<script type=\"application\/ld+json\" class=\"yoast-schema-graph\">{\"@context\":\"https:\/\/schema.org\",\"@graph\":[{\"@type\":\"WebPage\",\"@id\":\"https:\/\/www.gruen-gmbh.de\/produkt\/barrial-shed-dach\/\",\"url\":\"https:\/\/www.gruen-gmbh.de\/produkt\/barrial-shed-dach\/\",\"name\":\"Barrial\u00ae Shed-Dach - Gr\u00fcn GmbH\",\"isPartOf\":{\"@id\":\"https:\/\/www.gruen-gmbh.de\/en\/#website\"},\"primaryImageOfPage\":{\"@id\":\"https:\/\/www.gruen-gmbh.de\/produkt\/barrial-shed-dach\/#primaryimage\"},\"image\":{\"@id\":\"https:\/\/www.gruen-gmbh.de\/produkt\/barrial-shed-dach\/#primaryimage\"},\"thumbnailUrl\":\"https:\/\/www.gruen-gmbh.de\/wp-content\/uploads\/2024\/08\/Shed-Dach-mit-Detailzeichnung.png\",\"datePublished\":\"2024-08-27T09:23:03+00:00\",\"dateModified\":\"2025-09-01T11:20:15+00:00\",\"breadcrumb\":{\"@id\":\"https:\/\/www.gruen-gmbh.de\/produkt\/barrial-shed-dach\/#breadcrumb\"},\"inLanguage\":\"en-US\",\"potentialAction\":[{\"@type\":\"ReadAction\",\"target\":[\"https:\/\/www.gruen-gmbh.de\/produkt\/barrial-shed-dach\/\"]}]},{\"@type\":\"ImageObject\",\"inLanguage\":\"en-US\",\"@id\":\"https:\/\/www.gruen-gmbh.de\/produkt\/barrial-shed-dach\/#primaryimage\",\"url\":\"https:\/\/www.gruen-gmbh.de\/wp-content\/uploads\/2024\/08\/Shed-Dach-mit-Detailzeichnung.png\",\"contentUrl\":\"https:\/\/www.gruen-gmbh.de\/wp-content\/uploads\/2024\/08\/Shed-Dach-mit-Detailzeichnung.png\",\"width\":615,\"height\":441},{\"@type\":\"BreadcrumbList\",\"@id\":\"https:\/\/www.gruen-gmbh.de\/produkt\/barrial-shed-dach\/#breadcrumb\",\"itemListElement\":[{\"@type\":\"ListItem\",\"position\":1,\"name\":\"Startseite\",\"item\":\"https:\/\/www.gruen-gmbh.de\/\"},{\"@type\":\"ListItem\",\"position\":2,\"name\":\"Shop\",\"item\":\"https:\/\/www.gruen-gmbh.de\/en\/shop\/\"},{\"@type\":\"ListItem\",\"position\":3,\"name\":\"Barrial\u00ae Shed-Dach\"}]},{\"@type\":\"WebSite\",\"@id\":\"https:\/\/www.gruen-gmbh.de\/en\/#website\",\"url\":\"https:\/\/www.gruen-gmbh.de\/en\/\",\"name\":\"Gr\u00fcn GmbH\",\"description\":\"\",\"publisher\":{\"@id\":\"https:\/\/www.gruen-gmbh.de\/en\/#organization\"},\"potentialAction\":[{\"@type\":\"SearchAction\",\"target\":{\"@type\":\"EntryPoint\",\"urlTemplate\":\"https:\/\/www.gruen-gmbh.de\/en\/?s={search_term_string}\"},\"query-input\":{\"@type\":\"PropertyValueSpecification\",\"valueRequired\":true,\"valueName\":\"search_term_string\"}}],\"inLanguage\":\"en-US\"},{\"@type\":\"Organization\",\"@id\":\"https:\/\/www.gruen-gmbh.de\/en\/#organization\",\"name\":\"Gr\u00fcn GmbH\",\"url\":\"https:\/\/www.gruen-gmbh.de\/en\/\",\"logo\":{\"@type\":\"ImageObject\",\"inLanguage\":\"en-US\",\"@id\":\"https:\/\/www.gruen-gmbh.de\/en\/#\/schema\/logo\/image\/\",\"url\":\"https:\/\/www.gruen-gmbh.de\/wp-content\/uploads\/2024\/07\/gruen-logo.webp\",\"contentUrl\":\"https:\/\/www.gruen-gmbh.de\/wp-content\/uploads\/2024\/07\/gruen-logo.webp\",\"width\":672,\"height\":164,\"caption\":\"Gr\u00fcn GmbH\"},\"image\":{\"@id\":\"https:\/\/www.gruen-gmbh.de\/en\/#\/schema\/logo\/image\/\"}}]}<\/script>\n<!-- \/ Yoast SEO plugin. -->","yoast_head_json":{"title":"Barrial\u00ae Shed-Dach - Gr\u00fcn GmbH","robots":{"index":"index","follow":"follow","max-snippet":"max-snippet:-1","max-image-preview":"max-image-preview:large","max-video-preview":"max-video-preview:-1"},"canonical":"https:\/\/www.gruen-gmbh.de\/en\/product\/barrial-shed-dach\/","og_locale":"en_US","og_type":"article","og_title":"Barrial\u00ae Shed-Dach - Gr\u00fcn GmbH","og_description":"Aluminium-Sicherheitsgel\u00e4nder f\u00fcr Shedd\u00e4cher   Funktionelles Design, hoher Vorfertigungsgrad  Lieferung inkl. detailliertem Verlegeplan  Schnelle und einfache Montage  Entspricht den Normen EN ISO 14122-3 und EN 13374-A","og_url":"https:\/\/www.gruen-gmbh.de\/en\/product\/barrial-shed-dach\/","og_site_name":"Gr\u00fcn GmbH","article_modified_time":"2025-09-01T11:20:15+00:00","og_image":[{"width":615,"height":441,"url":"https:\/\/www.gruen-gmbh.de\/wp-content\/uploads\/2024\/08\/Shed-Dach-mit-Detailzeichnung.png","type":"image\/png"}],"twitter_card":"summary_large_image","schema":{"@context":"https:\/\/schema.org","@graph":[{"@type":"WebPage","@id":"https:\/\/www.gruen-gmbh.de\/produkt\/barrial-shed-dach\/","url":"https:\/\/www.gruen-gmbh.de\/produkt\/barrial-shed-dach\/","name":"Barrial\u00ae Shed-Dach - Gr\u00fcn GmbH","isPartOf":{"@id":"https:\/\/www.gruen-gmbh.de\/en\/#website"},"primaryImageOfPage":{"@id":"https:\/\/www.gruen-gmbh.de\/produkt\/barrial-shed-dach\/#primaryimage"},"image":{"@id":"https:\/\/www.gruen-gmbh.de\/produkt\/barrial-shed-dach\/#primaryimage"},"thumbnailUrl":"https:\/\/www.gruen-gmbh.de\/wp-content\/uploads\/2024\/08\/Shed-Dach-mit-Detailzeichnung.png","datePublished":"2024-08-27T09:23:03+00:00","dateModified":"2025-09-01T11:20:15+00:00","breadcrumb":{"@id":"https:\/\/www.gruen-gmbh.de\/produkt\/barrial-shed-dach\/#breadcrumb"},"inLanguage":"en-US","potentialAction":[{"@type":"ReadAction","target":["https:\/\/www.gruen-gmbh.de\/produkt\/barrial-shed-dach\/"]}]},{"@type":"ImageObject","inLanguage":"en-US","@id":"https:\/\/www.gruen-gmbh.de\/produkt\/barrial-shed-dach\/#primaryimage","url":"https:\/\/www.gruen-gmbh.de\/wp-content\/uploads\/2024\/08\/Shed-Dach-mit-Detailzeichnung.png","contentUrl":"https:\/\/www.gruen-gmbh.de\/wp-content\/uploads\/2024\/08\/Shed-Dach-mit-Detailzeichnung.png","width":615,"height":441},{"@type":"BreadcrumbList","@id":"https:\/\/www.gruen-gmbh.de\/produkt\/barrial-shed-dach\/#breadcrumb","itemListElement":[{"@type":"ListItem","position":1,"name":"Startseite","item":"https:\/\/www.gruen-gmbh.de\/"},{"@type":"ListItem","position":2,"name":"Shop","item":"https:\/\/www.gruen-gmbh.de\/en\/shop\/"},{"@type":"ListItem","position":3,"name":"Barrial\u00ae Shed-Dach"}]},{"@type":"WebSite","@id":"https:\/\/www.gruen-gmbh.de\/en\/#website","url":"https:\/\/www.gruen-gmbh.de\/en\/","name":"Gr\u00fcn GmbH","description":"","publisher":{"@id":"https:\/\/www.gruen-gmbh.de\/en\/#organization"},"potentialAction":[{"@type":"SearchAction","target":{"@type":"EntryPoint","urlTemplate":"https:\/\/www.gruen-gmbh.de\/en\/?s={search_term_string}"},"query-input":{"@type":"PropertyValueSpecification","valueRequired":true,"valueName":"search_term_string"}}],"inLanguage":"en-US"},{"@type":"Organization","@id":"https:\/\/www.gruen-gmbh.de\/en\/#organization","name":"Gr\u00fcn GmbH","url":"https:\/\/www.gruen-gmbh.de\/en\/","logo":{"@type":"ImageObject","inLanguage":"en-US","@id":"https:\/\/www.gruen-gmbh.de\/en\/#\/schema\/logo\/image\/","url":"https:\/\/www.gruen-gmbh.de\/wp-content\/uploads\/2024\/07\/gruen-logo.webp","contentUrl":"https:\/\/www.gruen-gmbh.de\/wp-content\/uploads\/2024\/07\/gruen-logo.webp","width":672,"height":164,"caption":"Gr\u00fcn GmbH"},"image":{"@id":"https:\/\/www.gruen-gmbh.de\/en\/#\/schema\/logo\/image\/"}}]}},"_links":{"self":[{"href":"https:\/\/www.gruen-gmbh.de\/en\/wp-json\/wp\/v2\/product\/39534","targetHints":{"allow":["GET"]}}],"collection":[{"href":"https:\/\/www.gruen-gmbh.de\/en\/wp-json\/wp\/v2\/product"}],"about":[{"href":"https:\/\/www.gruen-gmbh.de\/en\/wp-json\/wp\/v2\/types\/product"}],"version-history":[{"count":0,"href":"https:\/\/www.gruen-gmbh.de\/en\/wp-json\/wp\/v2\/product\/39534\/revisions"}],"wp:featuredmedia":[{"embeddable":true,"href":"https:\/\/www.gruen-gmbh.de\/en\/wp-json\/wp\/v2\/media\/39535"}],"wp:attachment":[{"href":"https:\/\/www.gruen-gmbh.de\/en\/wp-json\/wp\/v2\/media?parent=39534"}],"wp:term":[{"taxonomy":"product_brand","embeddable":true,"href":"https:\/\/www.gruen-gmbh.de\/en\/wp-json\/wp\/v2\/product_brand?post=39534"},{"taxonomy":"product_cat","embeddable":true,"href":"https:\/\/www.gruen-gmbh.de\/en\/wp-json\/wp\/v2\/product_cat?post=39534"},{"taxonomy":"product_tag","embeddable":true,"href":"https:\/\/www.gruen-gmbh.de\/en\/wp-json\/wp\/v2\/product_tag?post=39534"}],"curies":[{"name":"wp","href":"https:\/\/api.w.org\/{rel}","templated":true}]}}

<!-- This site is optimized with the Yoast SEO plugin v26.3 - https://yoast.com/wordpress/plugins/seo/ -->
<title>Barrial® Shed-Dach - Grün GmbH</title>
<meta name="robots" content="index, follow, max-snippet:-1, max-image-preview:large, max-video-preview:-1" />
<link rel="canonical" href="https://www.gruen-gmbh.de/en/product/barrial-shed-dach/" />
<meta property="og:locale" content="en_US" />
<meta property="og:type" content="article" />
<meta property="og:title" content="Barrial® Shed-Dach - Grün GmbH" />
<meta property="og:description" content="Aluminium-Sicherheitsgeländer für Sheddächer   Funktionelles Design, hoher Vorfertigungsgrad  Lieferung inkl. detailliertem Verlegeplan  Schnelle und einfache Montage  Entspricht den Normen EN ISO 14122-3 und EN 13374-A" />
<meta property="og:url" content="https://www.gruen-gmbh.de/en/product/barrial-shed-dach/" />
<meta property="og:site_name" content="Grün GmbH" />
<meta property="article:modified_time" content="2025-09-01T11:20:15+00:00" />
<meta property="og:image" content="https://www.gruen-gmbh.de/wp-content/uploads/2024/08/Shed-Dach-mit-Detailzeichnung.png" />
	<meta property="og:image:width" content="615" />
	<meta property="og:image:height" content="441" />
	<meta property="og:image:type" content="image/png" />
<meta name="twitter:card" content="summary_large_image" />
<script type="application/ld+json" class="yoast-schema-graph">{"@context":"https://schema.org","@graph":[{"@type":"WebPage","@id":"https://www.gruen-gmbh.de/produkt/barrial-shed-dach/","url":"https://www.gruen-gmbh.de/produkt/barrial-shed-dach/","name":"Barrial® Shed-Dach - Grün GmbH","isPartOf":{"@id":"https://www.gruen-gmbh.de/en/#website"},"primaryImageOfPage":{"@id":"https://www.gruen-gmbh.de/produkt/barrial-shed-dach/#primaryimage"},"image":{"@id":"https://www.gruen-gmbh.de/produkt/barrial-shed-dach/#primaryimage"},"thumbnailUrl":"https://www.gruen-gmbh.de/wp-content/uploads/2024/08/Shed-Dach-mit-Detailzeichnung.png","datePublished":"2024-08-27T09:23:03+00:00","dateModified":"2025-09-01T11:20:15+00:00","breadcrumb":{"@id":"https://www.gruen-gmbh.de/produkt/barrial-shed-dach/#breadcrumb"},"inLanguage":"en-US","potentialAction":[{"@type":"ReadAction","target":["https://www.gruen-gmbh.de/produkt/barrial-shed-dach/"]}]},{"@type":"ImageObject","inLanguage":"en-US","@id":"https://www.gruen-gmbh.de/produkt/barrial-shed-dach/#primaryimage","url":"https://www.gruen-gmbh.de/wp-content/uploads/2024/08/Shed-Dach-mit-Detailzeichnung.png","contentUrl":"https://www.gruen-gmbh.de/wp-content/uploads/2024/08/Shed-Dach-mit-Detailzeichnung.png","width":615,"height":441},{"@type":"BreadcrumbList","@id":"https://www.gruen-gmbh.de/produkt/barrial-shed-dach/#breadcrumb","itemListElement":[{"@type":"ListItem","position":1,"name":"Startseite","item":"https://www.gruen-gmbh.de/"},{"@type":"ListItem","position":2,"name":"Shop","item":"https://www.gruen-gmbh.de/en/shop/"},{"@type":"ListItem","position":3,"name":"Barrial® Shed-Dach"}]},{"@type":"WebSite","@id":"https://www.gruen-gmbh.de/en/#website","url":"https://www.gruen-gmbh.de/en/","name":"Grün GmbH","description":"","publisher":{"@id":"https://www.gruen-gmbh.de/en/#organization"},"potentialAction":[{"@type":"SearchAction","target":{"@type":"EntryPoint","urlTemplate":"https://www.gruen-gmbh.de/en/?s={search_term_string}"},"query-input":{"@type":"PropertyValueSpecification","valueRequired":true,"valueName":"search_term_string"}}],"inLanguage":"en-US"},{"@type":"Organization","@id":"https://www.gruen-gmbh.de/en/#organization","name":"Grün GmbH","url":"https://www.gruen-gmbh.de/en/","logo":{"@type":"ImageObject","inLanguage":"en-US","@id":"https://www.gruen-gmbh.de/en/#/schema/logo/image/","url":"https://www.gruen-gmbh.de/wp-content/uploads/2024/07/gruen-logo.webp","contentUrl":"https://www.gruen-gmbh.de/wp-content/uploads/2024/07/gruen-logo.webp","width":672,"height":164,"caption":"Grün GmbH"},"image":{"@id":"https://www.gruen-gmbh.de/en/#/schema/logo/image/"}}]}</script>
<!-- / Yoast SEO plugin. -->

Barrial® Shed-Dach - Grün GmbH

Aluminium-Sicherheitsgeländer für Sheddächer   Funktionelles Design, hoher Vorfertigungsgrad  Lieferung inkl. detailliertem Verlegeplan  Schnelle und einfache Montage  Entspricht den Normen EN ISO 14122-3 und EN 13374-A

Grün GmbH
