{"id":39645,"date":"2024-09-10T08:58:07","date_gmt":"2024-09-10T08:58:07","guid":{"rendered":"https:\/\/eventgruen.online\/?post_type=product&#038;p=39645"},"modified":"2026-02-25T13:53:51","modified_gmt":"2026-02-25T13:53:51","slug":"zub-verbindungsseil-temp","status":"publish","type":"product","link":"https:\/\/www.gruen-gmbh.de\/en\/product\/zub-verbindungsseil-temp\/","title":{"rendered":"ZUB VERBINDUNGSSEIL TEMP"},"content":{"rendered":"<p><strong>Variants:<\/strong><\/p>\n<div class=\"table-responsive\">\n<table border=\"1\" width=\"713pt\">\n<tbody>\n<tr>\n<td class=\"xl354\" width=\"186\" height=\"20\"><strong>\u00a0Article number<\/strong><\/td>\n<td class=\"xl354\" width=\"418\"><strong>\u00a0Designation<\/strong><\/td>\n<td class=\"xl573\" width=\"347\"><strong>\u00a0Number of carabiners<br \/>\n<\/strong><\/td>\n<\/tr>\n<tr>\n<td>\u00a046001610<\/td>\n<td>\u00a0GR\u00dcN ZUB VERBINDUNGSSEIL TEMP 13M<\/td>\n<td>\u00a01 free-moving snap hook<\/td>\n<\/tr>\n<tr>\n<td>\u00a046001710<\/td>\n<td>\u00a0GR\u00dcN ZUB VERBINDUNGSSEIL TEMP 16M<\/td>\n<td>\u00a02 free-moving snap hooks<\/td>\n<\/tr>\n<tr>\n<td>\u00a046001810<\/td>\n<td>\u00a0GR\u00dcN ZUB VERBINDUNGSSEIL TEMP 23M<\/td>\n<td>\u00a02 free-moving snap hooks<\/td>\n<\/tr>\n<\/tbody>\n<\/table>\n<\/div>","protected":false},"excerpt":{"rendered":"<p>Temporary connecting rope \u00d8 16 mm, with spliced-in snap hook and rope shortener as well as free-moving snap hooks.<\/p>","protected":false},"featured_media":39647,"template":"","meta":[],"product_brand":[],"product_cat":[19,101,181,186],"product_tag":[],"class_list":{"0":"post-39645","1":"product","2":"type-product","3":"status-publish","4":"has-post-thumbnail","6":"product_cat-absturzsicherungssysteme","7":"product_cat-psa-zubehor","8":"product_cat-verbindungsmittel","9":"product_cat-temporaere-seilsicherung","11":"first","12":"instock","13":"shipping-taxable","14":"product-type-simple"},"yoast_head":"<!-- This site is optimized with the Yoast SEO plugin v26.3 - https:\/\/yoast.com\/wordpress\/plugins\/seo\/ -->\n<title>ZUB VERBINDUNGSSEIL TEMP - Gr\u00fcn GmbH<\/title>\n<meta name=\"robots\" content=\"index, follow, max-snippet:-1, max-image-preview:large, max-video-preview:-1\" \/>\n<link rel=\"canonical\" href=\"https:\/\/www.gruen-gmbh.de\/en\/product\/zub-verbindungsseil-temp\/\" \/>\n<meta property=\"og:locale\" content=\"en_US\" \/>\n<meta property=\"og:type\" content=\"article\" \/>\n<meta property=\"og:title\" content=\"ZUB VERBINDUNGSSEIL TEMP - Gr\u00fcn GmbH\" \/>\n<meta property=\"og:description\" content=\"Tempor\u00e4res Verbindungsseil \u00d8 16 mm, mit eingespleistem Karabinerhaken und Seilk\u00fcrzer sowie freilaufenden Karabinerhaken.\" \/>\n<meta property=\"og:url\" content=\"https:\/\/www.gruen-gmbh.de\/en\/product\/zub-verbindungsseil-temp\/\" \/>\n<meta property=\"og:site_name\" content=\"Gr\u00fcn GmbH\" \/>\n<meta property=\"article:modified_time\" content=\"2026-02-25T13:53:51+00:00\" \/>\n<meta property=\"og:image\" content=\"https:\/\/www.gruen-gmbh.de\/wp-content\/uploads\/2024\/09\/46001610-1024x658-1.png\" \/>\n\t<meta property=\"og:image:width\" content=\"1024\" \/>\n\t<meta property=\"og:image:height\" content=\"658\" \/>\n\t<meta property=\"og:image:type\" content=\"image\/png\" \/>\n<meta name=\"twitter:card\" content=\"summary_large_image\" \/>\n<meta name=\"twitter:label1\" content=\"Est. reading time\" \/>\n\t<meta name=\"twitter:data1\" content=\"1 minute\" \/>\n<script type=\"application\/ld+json\" class=\"yoast-schema-graph\">{\"@context\":\"https:\/\/schema.org\",\"@graph\":[{\"@type\":\"WebPage\",\"@id\":\"https:\/\/www.gruen-gmbh.de\/produkt\/zub-verbindungsseil-temp\/\",\"url\":\"https:\/\/www.gruen-gmbh.de\/produkt\/zub-verbindungsseil-temp\/\",\"name\":\"ZUB VERBINDUNGSSEIL TEMP - Gr\u00fcn GmbH\",\"isPartOf\":{\"@id\":\"https:\/\/www.gruen-gmbh.de\/en\/#website\"},\"primaryImageOfPage\":{\"@id\":\"https:\/\/www.gruen-gmbh.de\/produkt\/zub-verbindungsseil-temp\/#primaryimage\"},\"image\":{\"@id\":\"https:\/\/www.gruen-gmbh.de\/produkt\/zub-verbindungsseil-temp\/#primaryimage\"},\"thumbnailUrl\":\"https:\/\/www.gruen-gmbh.de\/wp-content\/uploads\/2024\/09\/46001610-1024x658-1.png\",\"datePublished\":\"2024-09-10T08:58:07+00:00\",\"dateModified\":\"2026-02-25T13:53:51+00:00\",\"breadcrumb\":{\"@id\":\"https:\/\/www.gruen-gmbh.de\/produkt\/zub-verbindungsseil-temp\/#breadcrumb\"},\"inLanguage\":\"en-US\",\"potentialAction\":[{\"@type\":\"ReadAction\",\"target\":[\"https:\/\/www.gruen-gmbh.de\/produkt\/zub-verbindungsseil-temp\/\"]}]},{\"@type\":\"ImageObject\",\"inLanguage\":\"en-US\",\"@id\":\"https:\/\/www.gruen-gmbh.de\/produkt\/zub-verbindungsseil-temp\/#primaryimage\",\"url\":\"https:\/\/www.gruen-gmbh.de\/wp-content\/uploads\/2024\/09\/46001610-1024x658-1.png\",\"contentUrl\":\"https:\/\/www.gruen-gmbh.de\/wp-content\/uploads\/2024\/09\/46001610-1024x658-1.png\",\"width\":1024,\"height\":658},{\"@type\":\"BreadcrumbList\",\"@id\":\"https:\/\/www.gruen-gmbh.de\/produkt\/zub-verbindungsseil-temp\/#breadcrumb\",\"itemListElement\":[{\"@type\":\"ListItem\",\"position\":1,\"name\":\"Startseite\",\"item\":\"https:\/\/www.gruen-gmbh.de\/\"},{\"@type\":\"ListItem\",\"position\":2,\"name\":\"Shop\",\"item\":\"https:\/\/www.gruen-gmbh.de\/en\/shop\/\"},{\"@type\":\"ListItem\",\"position\":3,\"name\":\"ZUB VERBINDUNGSSEIL TEMP\"}]},{\"@type\":\"WebSite\",\"@id\":\"https:\/\/www.gruen-gmbh.de\/en\/#website\",\"url\":\"https:\/\/www.gruen-gmbh.de\/en\/\",\"name\":\"Gr\u00fcn GmbH\",\"description\":\"\",\"publisher\":{\"@id\":\"https:\/\/www.gruen-gmbh.de\/en\/#organization\"},\"potentialAction\":[{\"@type\":\"SearchAction\",\"target\":{\"@type\":\"EntryPoint\",\"urlTemplate\":\"https:\/\/www.gruen-gmbh.de\/en\/?s={search_term_string}\"},\"query-input\":{\"@type\":\"PropertyValueSpecification\",\"valueRequired\":true,\"valueName\":\"search_term_string\"}}],\"inLanguage\":\"en-US\"},{\"@type\":\"Organization\",\"@id\":\"https:\/\/www.gruen-gmbh.de\/en\/#organization\",\"name\":\"Gr\u00fcn GmbH\",\"url\":\"https:\/\/www.gruen-gmbh.de\/en\/\",\"logo\":{\"@type\":\"ImageObject\",\"inLanguage\":\"en-US\",\"@id\":\"https:\/\/www.gruen-gmbh.de\/en\/#\/schema\/logo\/image\/\",\"url\":\"https:\/\/www.gruen-gmbh.de\/wp-content\/uploads\/2024\/07\/gruen-logo.webp\",\"contentUrl\":\"https:\/\/www.gruen-gmbh.de\/wp-content\/uploads\/2024\/07\/gruen-logo.webp\",\"width\":672,\"height\":164,\"caption\":\"Gr\u00fcn GmbH\"},\"image\":{\"@id\":\"https:\/\/www.gruen-gmbh.de\/en\/#\/schema\/logo\/image\/\"}}]}<\/script>\n<!-- \/ Yoast SEO plugin. -->","yoast_head_json":{"title":"ZUB VERBINDUNGSSEIL TEMP - Gr\u00fcn GmbH","robots":{"index":"index","follow":"follow","max-snippet":"max-snippet:-1","max-image-preview":"max-image-preview:large","max-video-preview":"max-video-preview:-1"},"canonical":"https:\/\/www.gruen-gmbh.de\/en\/product\/zub-verbindungsseil-temp\/","og_locale":"en_US","og_type":"article","og_title":"ZUB VERBINDUNGSSEIL TEMP - Gr\u00fcn GmbH","og_description":"Tempor\u00e4res Verbindungsseil \u00d8 16 mm, mit eingespleistem Karabinerhaken und Seilk\u00fcrzer sowie freilaufenden Karabinerhaken.","og_url":"https:\/\/www.gruen-gmbh.de\/en\/product\/zub-verbindungsseil-temp\/","og_site_name":"Gr\u00fcn GmbH","article_modified_time":"2026-02-25T13:53:51+00:00","og_image":[{"width":1024,"height":658,"url":"https:\/\/www.gruen-gmbh.de\/wp-content\/uploads\/2024\/09\/46001610-1024x658-1.png","type":"image\/png"}],"twitter_card":"summary_large_image","twitter_misc":{"Est. reading time":"1 minute"},"schema":{"@context":"https:\/\/schema.org","@graph":[{"@type":"WebPage","@id":"https:\/\/www.gruen-gmbh.de\/produkt\/zub-verbindungsseil-temp\/","url":"https:\/\/www.gruen-gmbh.de\/produkt\/zub-verbindungsseil-temp\/","name":"ZUB VERBINDUNGSSEIL TEMP - Gr\u00fcn GmbH","isPartOf":{"@id":"https:\/\/www.gruen-gmbh.de\/en\/#website"},"primaryImageOfPage":{"@id":"https:\/\/www.gruen-gmbh.de\/produkt\/zub-verbindungsseil-temp\/#primaryimage"},"image":{"@id":"https:\/\/www.gruen-gmbh.de\/produkt\/zub-verbindungsseil-temp\/#primaryimage"},"thumbnailUrl":"https:\/\/www.gruen-gmbh.de\/wp-content\/uploads\/2024\/09\/46001610-1024x658-1.png","datePublished":"2024-09-10T08:58:07+00:00","dateModified":"2026-02-25T13:53:51+00:00","breadcrumb":{"@id":"https:\/\/www.gruen-gmbh.de\/produkt\/zub-verbindungsseil-temp\/#breadcrumb"},"inLanguage":"en-US","potentialAction":[{"@type":"ReadAction","target":["https:\/\/www.gruen-gmbh.de\/produkt\/zub-verbindungsseil-temp\/"]}]},{"@type":"ImageObject","inLanguage":"en-US","@id":"https:\/\/www.gruen-gmbh.de\/produkt\/zub-verbindungsseil-temp\/#primaryimage","url":"https:\/\/www.gruen-gmbh.de\/wp-content\/uploads\/2024\/09\/46001610-1024x658-1.png","contentUrl":"https:\/\/www.gruen-gmbh.de\/wp-content\/uploads\/2024\/09\/46001610-1024x658-1.png","width":1024,"height":658},{"@type":"BreadcrumbList","@id":"https:\/\/www.gruen-gmbh.de\/produkt\/zub-verbindungsseil-temp\/#breadcrumb","itemListElement":[{"@type":"ListItem","position":1,"name":"Startseite","item":"https:\/\/www.gruen-gmbh.de\/"},{"@type":"ListItem","position":2,"name":"Shop","item":"https:\/\/www.gruen-gmbh.de\/en\/shop\/"},{"@type":"ListItem","position":3,"name":"ZUB VERBINDUNGSSEIL TEMP"}]},{"@type":"WebSite","@id":"https:\/\/www.gruen-gmbh.de\/en\/#website","url":"https:\/\/www.gruen-gmbh.de\/en\/","name":"Gr\u00fcn GmbH","description":"","publisher":{"@id":"https:\/\/www.gruen-gmbh.de\/en\/#organization"},"potentialAction":[{"@type":"SearchAction","target":{"@type":"EntryPoint","urlTemplate":"https:\/\/www.gruen-gmbh.de\/en\/?s={search_term_string}"},"query-input":{"@type":"PropertyValueSpecification","valueRequired":true,"valueName":"search_term_string"}}],"inLanguage":"en-US"},{"@type":"Organization","@id":"https:\/\/www.gruen-gmbh.de\/en\/#organization","name":"Gr\u00fcn GmbH","url":"https:\/\/www.gruen-gmbh.de\/en\/","logo":{"@type":"ImageObject","inLanguage":"en-US","@id":"https:\/\/www.gruen-gmbh.de\/en\/#\/schema\/logo\/image\/","url":"https:\/\/www.gruen-gmbh.de\/wp-content\/uploads\/2024\/07\/gruen-logo.webp","contentUrl":"https:\/\/www.gruen-gmbh.de\/wp-content\/uploads\/2024\/07\/gruen-logo.webp","width":672,"height":164,"caption":"Gr\u00fcn GmbH"},"image":{"@id":"https:\/\/www.gruen-gmbh.de\/en\/#\/schema\/logo\/image\/"}}]}},"_links":{"self":[{"href":"https:\/\/www.gruen-gmbh.de\/en\/wp-json\/wp\/v2\/product\/39645","targetHints":{"allow":["GET"]}}],"collection":[{"href":"https:\/\/www.gruen-gmbh.de\/en\/wp-json\/wp\/v2\/product"}],"about":[{"href":"https:\/\/www.gruen-gmbh.de\/en\/wp-json\/wp\/v2\/types\/product"}],"version-history":[{"count":2,"href":"https:\/\/www.gruen-gmbh.de\/en\/wp-json\/wp\/v2\/product\/39645\/revisions"}],"predecessor-version":[{"id":44236,"href":"https:\/\/www.gruen-gmbh.de\/en\/wp-json\/wp\/v2\/product\/39645\/revisions\/44236"}],"wp:featuredmedia":[{"embeddable":true,"href":"https:\/\/www.gruen-gmbh.de\/en\/wp-json\/wp\/v2\/media\/39647"}],"wp:attachment":[{"href":"https:\/\/www.gruen-gmbh.de\/en\/wp-json\/wp\/v2\/media?parent=39645"}],"wp:term":[{"taxonomy":"product_brand","embeddable":true,"href":"https:\/\/www.gruen-gmbh.de\/en\/wp-json\/wp\/v2\/product_brand?post=39645"},{"taxonomy":"product_cat","embeddable":true,"href":"https:\/\/www.gruen-gmbh.de\/en\/wp-json\/wp\/v2\/product_cat?post=39645"},{"taxonomy":"product_tag","embeddable":true,"href":"https:\/\/www.gruen-gmbh.de\/en\/wp-json\/wp\/v2\/product_tag?post=39645"}],"curies":[{"name":"wp","href":"https:\/\/api.w.org\/{rel}","templated":true}]}}

<p><strong>Variants:</strong></p>
<div class="table-responsive">
<table border="1" width="713pt">
<tbody>
<tr>
<td class="xl354" width="186" height="20"><strong> Article number</strong></td>
<td class="xl354" width="418"><strong> Designation</strong></td>
<td class="xl573" width="347"><strong> Number of carabiners<br />
</strong></td>
</tr>
<tr>
<td> 46001610</td>
<td> GRÜN ZUB VERBINDUNGSSEIL TEMP 13M</td>
<td> 1 free-moving snap hook</td>
</tr>
<tr>
<td> 46001710</td>
<td> GRÜN ZUB VERBINDUNGSSEIL TEMP 16M</td>
<td> 2 free-moving snap hooks</td>
</tr>
<tr>
<td> 46001810</td>
<td> GRÜN ZUB VERBINDUNGSSEIL TEMP 23M</td>
<td> 2 free-moving snap hooks</td>
</tr>
</tbody>
</table>
</div>

<p>Temporary connecting rope Ø 16 mm, with spliced-in snap hook and rope shortener as well as free-moving snap hooks.</p>

<!-- This site is optimized with the Yoast SEO plugin v26.3 - https://yoast.com/wordpress/plugins/seo/ -->
<title>ZUB VERBINDUNGSSEIL TEMP - Grün GmbH</title>
<meta name="robots" content="index, follow, max-snippet:-1, max-image-preview:large, max-video-preview:-1" />
<link rel="canonical" href="https://www.gruen-gmbh.de/en/product/zub-verbindungsseil-temp/" />
<meta property="og:locale" content="en_US" />
<meta property="og:type" content="article" />
<meta property="og:title" content="ZUB VERBINDUNGSSEIL TEMP - Grün GmbH" />
<meta property="og:description" content="Temporäres Verbindungsseil Ø 16 mm, mit eingespleistem Karabinerhaken und Seilkürzer sowie freilaufenden Karabinerhaken." />
<meta property="og:url" content="https://www.gruen-gmbh.de/en/product/zub-verbindungsseil-temp/" />
<meta property="og:site_name" content="Grün GmbH" />
<meta property="article:modified_time" content="2026-02-25T13:53:51+00:00" />
<meta property="og:image" content="https://www.gruen-gmbh.de/wp-content/uploads/2024/09/46001610-1024x658-1.png" />
	<meta property="og:image:width" content="1024" />
	<meta property="og:image:height" content="658" />
	<meta property="og:image:type" content="image/png" />
<meta name="twitter:card" content="summary_large_image" />
<meta name="twitter:label1" content="Est. reading time" />
	<meta name="twitter:data1" content="1 minute" />
<script type="application/ld+json" class="yoast-schema-graph">{"@context":"https://schema.org","@graph":[{"@type":"WebPage","@id":"https://www.gruen-gmbh.de/produkt/zub-verbindungsseil-temp/","url":"https://www.gruen-gmbh.de/produkt/zub-verbindungsseil-temp/","name":"ZUB VERBINDUNGSSEIL TEMP - Grün GmbH","isPartOf":{"@id":"https://www.gruen-gmbh.de/en/#website"},"primaryImageOfPage":{"@id":"https://www.gruen-gmbh.de/produkt/zub-verbindungsseil-temp/#primaryimage"},"image":{"@id":"https://www.gruen-gmbh.de/produkt/zub-verbindungsseil-temp/#primaryimage"},"thumbnailUrl":"https://www.gruen-gmbh.de/wp-content/uploads/2024/09/46001610-1024x658-1.png","datePublished":"2024-09-10T08:58:07+00:00","dateModified":"2026-02-25T13:53:51+00:00","breadcrumb":{"@id":"https://www.gruen-gmbh.de/produkt/zub-verbindungsseil-temp/#breadcrumb"},"inLanguage":"en-US","potentialAction":[{"@type":"ReadAction","target":["https://www.gruen-gmbh.de/produkt/zub-verbindungsseil-temp/"]}]},{"@type":"ImageObject","inLanguage":"en-US","@id":"https://www.gruen-gmbh.de/produkt/zub-verbindungsseil-temp/#primaryimage","url":"https://www.gruen-gmbh.de/wp-content/uploads/2024/09/46001610-1024x658-1.png","contentUrl":"https://www.gruen-gmbh.de/wp-content/uploads/2024/09/46001610-1024x658-1.png","width":1024,"height":658},{"@type":"BreadcrumbList","@id":"https://www.gruen-gmbh.de/produkt/zub-verbindungsseil-temp/#breadcrumb","itemListElement":[{"@type":"ListItem","position":1,"name":"Startseite","item":"https://www.gruen-gmbh.de/"},{"@type":"ListItem","position":2,"name":"Shop","item":"https://www.gruen-gmbh.de/en/shop/"},{"@type":"ListItem","position":3,"name":"ZUB VERBINDUNGSSEIL TEMP"}]},{"@type":"WebSite","@id":"https://www.gruen-gmbh.de/en/#website","url":"https://www.gruen-gmbh.de/en/","name":"Grün GmbH","description":"","publisher":{"@id":"https://www.gruen-gmbh.de/en/#organization"},"potentialAction":[{"@type":"SearchAction","target":{"@type":"EntryPoint","urlTemplate":"https://www.gruen-gmbh.de/en/?s={search_term_string}"},"query-input":{"@type":"PropertyValueSpecification","valueRequired":true,"valueName":"search_term_string"}}],"inLanguage":"en-US"},{"@type":"Organization","@id":"https://www.gruen-gmbh.de/en/#organization","name":"Grün GmbH","url":"https://www.gruen-gmbh.de/en/","logo":{"@type":"ImageObject","inLanguage":"en-US","@id":"https://www.gruen-gmbh.de/en/#/schema/logo/image/","url":"https://www.gruen-gmbh.de/wp-content/uploads/2024/07/gruen-logo.webp","contentUrl":"https://www.gruen-gmbh.de/wp-content/uploads/2024/07/gruen-logo.webp","width":672,"height":164,"caption":"Grün GmbH"},"image":{"@id":"https://www.gruen-gmbh.de/en/#/schema/logo/image/"}}]}</script>
<!-- / Yoast SEO plugin. -->

ZUB VERBINDUNGSSEIL TEMP - Grün GmbH

Temporäres Verbindungsseil Ø 16 mm, mit eingespleistem Karabinerhaken und Seilkürzer sowie freilaufenden Karabinerhaken.

Grün GmbH
