{"id":39661,"date":"2024-09-10T09:44:41","date_gmt":"2024-09-10T09:44:41","guid":{"rendered":"https:\/\/eventgruen.online\/?post_type=product&#038;p=39661"},"modified":"2025-09-03T10:38:49","modified_gmt":"2025-09-03T10:38:49","slug":"kask-helm-superplasma-aq","status":"publish","type":"product","link":"https:\/\/www.gruen-gmbh.de\/en\/product\/kask-helm-superplasma-aq\/","title":{"rendered":"KASK Helm SUPERPLASMA AQ"},"content":{"rendered":"<p><strong style=\"font-weight: bold;\">Norm:<\/strong> EN 397<br \/>\n<strong style=\"font-weight: bold;\">Material:<\/strong> Outer shell polypropylene, inner shell polystyrene-foam-EPS, headband PA-soft nylon<br \/>\n<strong style=\"font-weight: bold;\">Weight:<\/strong> approx. 390 g<br \/>\n<strong style=\"font-weight: bold;\">Sizes:<\/strong> Universal adjustable 51-63 cm<\/p>\n<p><strong style=\"font-weight: bold;\">Part No.:<br \/>\n<\/strong>43030410 ( Helmet Superplasma AQ white)<\/p>","protected":false},"excerpt":{"rendered":"<p>Lightweight, compact safety helmet, maximum ventilation thanks to 10 ventilation slots with protective grille, individual size adjustment with rotary dial, equipment for hearing protection and visor, fastening clips for lamp, helmet holder, 4-point chin strap with quick-release fastener.<\/p>","protected":false},"featured_media":39662,"template":"","meta":[],"product_brand":[],"product_cat":[19,101,102,188],"product_tag":[],"class_list":{"0":"post-39661","1":"product","2":"type-product","3":"status-publish","4":"has-post-thumbnail","6":"product_cat-absturzsicherungssysteme","7":"product_cat-psa-zubehor","8":"product_cat-psaga","9":"product_cat-helm","11":"first","12":"instock","13":"shipping-taxable","14":"product-type-simple"},"yoast_head":"<!-- This site is optimized with the Yoast SEO plugin v26.3 - https:\/\/yoast.com\/wordpress\/plugins\/seo\/ -->\n<title>KASK Helm SUPERPLASMA AQ - Gr\u00fcn GmbH<\/title>\n<meta name=\"robots\" content=\"index, follow, max-snippet:-1, max-image-preview:large, max-video-preview:-1\" \/>\n<link rel=\"canonical\" href=\"https:\/\/www.gruen-gmbh.de\/en\/product\/kask-helm-superplasma-aq\/\" \/>\n<meta property=\"og:locale\" content=\"en_US\" \/>\n<meta property=\"og:type\" content=\"article\" \/>\n<meta property=\"og:title\" content=\"KASK Helm SUPERPLASMA AQ - Gr\u00fcn GmbH\" \/>\n<meta property=\"og:description\" content=\"Leichter, kompakter Schutzhelm, maximale Ventilation durch 10 Bel\u00fcftungsschlitze mit Schutzgitter, individuelle Gr\u00f6\u00dfeneinstellung mit Drehrad, Ausr\u00fcstung f\u00fcr Geh\u00f6rschutz und Visier, Befestigungsclips f\u00fcr Lampe, Helmhalterung, 4-Punkt Kinnriemen mit Schnellverschluss.\" \/>\n<meta property=\"og:url\" content=\"https:\/\/www.gruen-gmbh.de\/en\/product\/kask-helm-superplasma-aq\/\" \/>\n<meta property=\"og:site_name\" content=\"Gr\u00fcn GmbH\" \/>\n<meta property=\"article:modified_time\" content=\"2025-09-03T10:38:49+00:00\" \/>\n<meta property=\"og:image\" content=\"https:\/\/www.gruen-gmbh.de\/wp-content\/uploads\/2024\/09\/Helme-KASK-2-1.png\" \/>\n\t<meta property=\"og:image:width\" content=\"615\" \/>\n\t<meta property=\"og:image:height\" content=\"485\" \/>\n\t<meta property=\"og:image:type\" content=\"image\/png\" \/>\n<meta name=\"twitter:card\" content=\"summary_large_image\" \/>\n<script type=\"application\/ld+json\" class=\"yoast-schema-graph\">{\"@context\":\"https:\/\/schema.org\",\"@graph\":[{\"@type\":\"WebPage\",\"@id\":\"https:\/\/www.gruen-gmbh.de\/produkt\/kask-helm-superplasma-aq\/\",\"url\":\"https:\/\/www.gruen-gmbh.de\/produkt\/kask-helm-superplasma-aq\/\",\"name\":\"KASK Helm SUPERPLASMA AQ - Gr\u00fcn GmbH\",\"isPartOf\":{\"@id\":\"https:\/\/www.gruen-gmbh.de\/en\/#website\"},\"primaryImageOfPage\":{\"@id\":\"https:\/\/www.gruen-gmbh.de\/produkt\/kask-helm-superplasma-aq\/#primaryimage\"},\"image\":{\"@id\":\"https:\/\/www.gruen-gmbh.de\/produkt\/kask-helm-superplasma-aq\/#primaryimage\"},\"thumbnailUrl\":\"https:\/\/www.gruen-gmbh.de\/wp-content\/uploads\/2024\/09\/Helme-KASK-2-1.png\",\"datePublished\":\"2024-09-10T09:44:41+00:00\",\"dateModified\":\"2025-09-03T10:38:49+00:00\",\"breadcrumb\":{\"@id\":\"https:\/\/www.gruen-gmbh.de\/produkt\/kask-helm-superplasma-aq\/#breadcrumb\"},\"inLanguage\":\"en-US\",\"potentialAction\":[{\"@type\":\"ReadAction\",\"target\":[\"https:\/\/www.gruen-gmbh.de\/produkt\/kask-helm-superplasma-aq\/\"]}]},{\"@type\":\"ImageObject\",\"inLanguage\":\"en-US\",\"@id\":\"https:\/\/www.gruen-gmbh.de\/produkt\/kask-helm-superplasma-aq\/#primaryimage\",\"url\":\"https:\/\/www.gruen-gmbh.de\/wp-content\/uploads\/2024\/09\/Helme-KASK-2-1.png\",\"contentUrl\":\"https:\/\/www.gruen-gmbh.de\/wp-content\/uploads\/2024\/09\/Helme-KASK-2-1.png\",\"width\":615,\"height\":485},{\"@type\":\"BreadcrumbList\",\"@id\":\"https:\/\/www.gruen-gmbh.de\/produkt\/kask-helm-superplasma-aq\/#breadcrumb\",\"itemListElement\":[{\"@type\":\"ListItem\",\"position\":1,\"name\":\"Startseite\",\"item\":\"https:\/\/www.gruen-gmbh.de\/\"},{\"@type\":\"ListItem\",\"position\":2,\"name\":\"Shop\",\"item\":\"https:\/\/www.gruen-gmbh.de\/en\/shop\/\"},{\"@type\":\"ListItem\",\"position\":3,\"name\":\"KASK Helm SUPERPLASMA AQ\"}]},{\"@type\":\"WebSite\",\"@id\":\"https:\/\/www.gruen-gmbh.de\/en\/#website\",\"url\":\"https:\/\/www.gruen-gmbh.de\/en\/\",\"name\":\"Gr\u00fcn GmbH\",\"description\":\"\",\"publisher\":{\"@id\":\"https:\/\/www.gruen-gmbh.de\/en\/#organization\"},\"potentialAction\":[{\"@type\":\"SearchAction\",\"target\":{\"@type\":\"EntryPoint\",\"urlTemplate\":\"https:\/\/www.gruen-gmbh.de\/en\/?s={search_term_string}\"},\"query-input\":{\"@type\":\"PropertyValueSpecification\",\"valueRequired\":true,\"valueName\":\"search_term_string\"}}],\"inLanguage\":\"en-US\"},{\"@type\":\"Organization\",\"@id\":\"https:\/\/www.gruen-gmbh.de\/en\/#organization\",\"name\":\"Gr\u00fcn GmbH\",\"url\":\"https:\/\/www.gruen-gmbh.de\/en\/\",\"logo\":{\"@type\":\"ImageObject\",\"inLanguage\":\"en-US\",\"@id\":\"https:\/\/www.gruen-gmbh.de\/en\/#\/schema\/logo\/image\/\",\"url\":\"https:\/\/www.gruen-gmbh.de\/wp-content\/uploads\/2024\/07\/gruen-logo.webp\",\"contentUrl\":\"https:\/\/www.gruen-gmbh.de\/wp-content\/uploads\/2024\/07\/gruen-logo.webp\",\"width\":672,\"height\":164,\"caption\":\"Gr\u00fcn GmbH\"},\"image\":{\"@id\":\"https:\/\/www.gruen-gmbh.de\/en\/#\/schema\/logo\/image\/\"}}]}<\/script>\n<!-- \/ Yoast SEO plugin. -->","yoast_head_json":{"title":"KASK Helm SUPERPLASMA AQ - Gr\u00fcn GmbH","robots":{"index":"index","follow":"follow","max-snippet":"max-snippet:-1","max-image-preview":"max-image-preview:large","max-video-preview":"max-video-preview:-1"},"canonical":"https:\/\/www.gruen-gmbh.de\/en\/product\/kask-helm-superplasma-aq\/","og_locale":"en_US","og_type":"article","og_title":"KASK Helm SUPERPLASMA AQ - Gr\u00fcn GmbH","og_description":"Leichter, kompakter Schutzhelm, maximale Ventilation durch 10 Bel\u00fcftungsschlitze mit Schutzgitter, individuelle Gr\u00f6\u00dfeneinstellung mit Drehrad, Ausr\u00fcstung f\u00fcr Geh\u00f6rschutz und Visier, Befestigungsclips f\u00fcr Lampe, Helmhalterung, 4-Punkt Kinnriemen mit Schnellverschluss.","og_url":"https:\/\/www.gruen-gmbh.de\/en\/product\/kask-helm-superplasma-aq\/","og_site_name":"Gr\u00fcn GmbH","article_modified_time":"2025-09-03T10:38:49+00:00","og_image":[{"width":615,"height":485,"url":"https:\/\/www.gruen-gmbh.de\/wp-content\/uploads\/2024\/09\/Helme-KASK-2-1.png","type":"image\/png"}],"twitter_card":"summary_large_image","schema":{"@context":"https:\/\/schema.org","@graph":[{"@type":"WebPage","@id":"https:\/\/www.gruen-gmbh.de\/produkt\/kask-helm-superplasma-aq\/","url":"https:\/\/www.gruen-gmbh.de\/produkt\/kask-helm-superplasma-aq\/","name":"KASK Helm SUPERPLASMA AQ - Gr\u00fcn GmbH","isPartOf":{"@id":"https:\/\/www.gruen-gmbh.de\/en\/#website"},"primaryImageOfPage":{"@id":"https:\/\/www.gruen-gmbh.de\/produkt\/kask-helm-superplasma-aq\/#primaryimage"},"image":{"@id":"https:\/\/www.gruen-gmbh.de\/produkt\/kask-helm-superplasma-aq\/#primaryimage"},"thumbnailUrl":"https:\/\/www.gruen-gmbh.de\/wp-content\/uploads\/2024\/09\/Helme-KASK-2-1.png","datePublished":"2024-09-10T09:44:41+00:00","dateModified":"2025-09-03T10:38:49+00:00","breadcrumb":{"@id":"https:\/\/www.gruen-gmbh.de\/produkt\/kask-helm-superplasma-aq\/#breadcrumb"},"inLanguage":"en-US","potentialAction":[{"@type":"ReadAction","target":["https:\/\/www.gruen-gmbh.de\/produkt\/kask-helm-superplasma-aq\/"]}]},{"@type":"ImageObject","inLanguage":"en-US","@id":"https:\/\/www.gruen-gmbh.de\/produkt\/kask-helm-superplasma-aq\/#primaryimage","url":"https:\/\/www.gruen-gmbh.de\/wp-content\/uploads\/2024\/09\/Helme-KASK-2-1.png","contentUrl":"https:\/\/www.gruen-gmbh.de\/wp-content\/uploads\/2024\/09\/Helme-KASK-2-1.png","width":615,"height":485},{"@type":"BreadcrumbList","@id":"https:\/\/www.gruen-gmbh.de\/produkt\/kask-helm-superplasma-aq\/#breadcrumb","itemListElement":[{"@type":"ListItem","position":1,"name":"Startseite","item":"https:\/\/www.gruen-gmbh.de\/"},{"@type":"ListItem","position":2,"name":"Shop","item":"https:\/\/www.gruen-gmbh.de\/en\/shop\/"},{"@type":"ListItem","position":3,"name":"KASK Helm SUPERPLASMA AQ"}]},{"@type":"WebSite","@id":"https:\/\/www.gruen-gmbh.de\/en\/#website","url":"https:\/\/www.gruen-gmbh.de\/en\/","name":"Gr\u00fcn GmbH","description":"","publisher":{"@id":"https:\/\/www.gruen-gmbh.de\/en\/#organization"},"potentialAction":[{"@type":"SearchAction","target":{"@type":"EntryPoint","urlTemplate":"https:\/\/www.gruen-gmbh.de\/en\/?s={search_term_string}"},"query-input":{"@type":"PropertyValueSpecification","valueRequired":true,"valueName":"search_term_string"}}],"inLanguage":"en-US"},{"@type":"Organization","@id":"https:\/\/www.gruen-gmbh.de\/en\/#organization","name":"Gr\u00fcn GmbH","url":"https:\/\/www.gruen-gmbh.de\/en\/","logo":{"@type":"ImageObject","inLanguage":"en-US","@id":"https:\/\/www.gruen-gmbh.de\/en\/#\/schema\/logo\/image\/","url":"https:\/\/www.gruen-gmbh.de\/wp-content\/uploads\/2024\/07\/gruen-logo.webp","contentUrl":"https:\/\/www.gruen-gmbh.de\/wp-content\/uploads\/2024\/07\/gruen-logo.webp","width":672,"height":164,"caption":"Gr\u00fcn GmbH"},"image":{"@id":"https:\/\/www.gruen-gmbh.de\/en\/#\/schema\/logo\/image\/"}}]}},"_links":{"self":[{"href":"https:\/\/www.gruen-gmbh.de\/en\/wp-json\/wp\/v2\/product\/39661","targetHints":{"allow":["GET"]}}],"collection":[{"href":"https:\/\/www.gruen-gmbh.de\/en\/wp-json\/wp\/v2\/product"}],"about":[{"href":"https:\/\/www.gruen-gmbh.de\/en\/wp-json\/wp\/v2\/types\/product"}],"version-history":[{"count":0,"href":"https:\/\/www.gruen-gmbh.de\/en\/wp-json\/wp\/v2\/product\/39661\/revisions"}],"wp:featuredmedia":[{"embeddable":true,"href":"https:\/\/www.gruen-gmbh.de\/en\/wp-json\/wp\/v2\/media\/39662"}],"wp:attachment":[{"href":"https:\/\/www.gruen-gmbh.de\/en\/wp-json\/wp\/v2\/media?parent=39661"}],"wp:term":[{"taxonomy":"product_brand","embeddable":true,"href":"https:\/\/www.gruen-gmbh.de\/en\/wp-json\/wp\/v2\/product_brand?post=39661"},{"taxonomy":"product_cat","embeddable":true,"href":"https:\/\/www.gruen-gmbh.de\/en\/wp-json\/wp\/v2\/product_cat?post=39661"},{"taxonomy":"product_tag","embeddable":true,"href":"https:\/\/www.gruen-gmbh.de\/en\/wp-json\/wp\/v2\/product_tag?post=39661"}],"curies":[{"name":"wp","href":"https:\/\/api.w.org\/{rel}","templated":true}]}}

<!-- This site is optimized with the Yoast SEO plugin v26.3 - https://yoast.com/wordpress/plugins/seo/ -->
<title>KASK Helm SUPERPLASMA AQ - Grün GmbH</title>
<meta name="robots" content="index, follow, max-snippet:-1, max-image-preview:large, max-video-preview:-1" />
<link rel="canonical" href="https://www.gruen-gmbh.de/en/product/kask-helm-superplasma-aq/" />
<meta property="og:locale" content="en_US" />
<meta property="og:type" content="article" />
<meta property="og:title" content="KASK Helm SUPERPLASMA AQ - Grün GmbH" />
<meta property="og:description" content="Leichter, kompakter Schutzhelm, maximale Ventilation durch 10 Belüftungsschlitze mit Schutzgitter, individuelle Größeneinstellung mit Drehrad, Ausrüstung für Gehörschutz und Visier, Befestigungsclips für Lampe, Helmhalterung, 4-Punkt Kinnriemen mit Schnellverschluss." />
<meta property="og:url" content="https://www.gruen-gmbh.de/en/product/kask-helm-superplasma-aq/" />
<meta property="og:site_name" content="Grün GmbH" />
<meta property="article:modified_time" content="2025-09-03T10:38:49+00:00" />
<meta property="og:image" content="https://www.gruen-gmbh.de/wp-content/uploads/2024/09/Helme-KASK-2-1.png" />
	<meta property="og:image:width" content="615" />
	<meta property="og:image:height" content="485" />
	<meta property="og:image:type" content="image/png" />
<meta name="twitter:card" content="summary_large_image" />
<script type="application/ld+json" class="yoast-schema-graph">{"@context":"https://schema.org","@graph":[{"@type":"WebPage","@id":"https://www.gruen-gmbh.de/produkt/kask-helm-superplasma-aq/","url":"https://www.gruen-gmbh.de/produkt/kask-helm-superplasma-aq/","name":"KASK Helm SUPERPLASMA AQ - Grün GmbH","isPartOf":{"@id":"https://www.gruen-gmbh.de/en/#website"},"primaryImageOfPage":{"@id":"https://www.gruen-gmbh.de/produkt/kask-helm-superplasma-aq/#primaryimage"},"image":{"@id":"https://www.gruen-gmbh.de/produkt/kask-helm-superplasma-aq/#primaryimage"},"thumbnailUrl":"https://www.gruen-gmbh.de/wp-content/uploads/2024/09/Helme-KASK-2-1.png","datePublished":"2024-09-10T09:44:41+00:00","dateModified":"2025-09-03T10:38:49+00:00","breadcrumb":{"@id":"https://www.gruen-gmbh.de/produkt/kask-helm-superplasma-aq/#breadcrumb"},"inLanguage":"en-US","potentialAction":[{"@type":"ReadAction","target":["https://www.gruen-gmbh.de/produkt/kask-helm-superplasma-aq/"]}]},{"@type":"ImageObject","inLanguage":"en-US","@id":"https://www.gruen-gmbh.de/produkt/kask-helm-superplasma-aq/#primaryimage","url":"https://www.gruen-gmbh.de/wp-content/uploads/2024/09/Helme-KASK-2-1.png","contentUrl":"https://www.gruen-gmbh.de/wp-content/uploads/2024/09/Helme-KASK-2-1.png","width":615,"height":485},{"@type":"BreadcrumbList","@id":"https://www.gruen-gmbh.de/produkt/kask-helm-superplasma-aq/#breadcrumb","itemListElement":[{"@type":"ListItem","position":1,"name":"Startseite","item":"https://www.gruen-gmbh.de/"},{"@type":"ListItem","position":2,"name":"Shop","item":"https://www.gruen-gmbh.de/en/shop/"},{"@type":"ListItem","position":3,"name":"KASK Helm SUPERPLASMA AQ"}]},{"@type":"WebSite","@id":"https://www.gruen-gmbh.de/en/#website","url":"https://www.gruen-gmbh.de/en/","name":"Grün GmbH","description":"","publisher":{"@id":"https://www.gruen-gmbh.de/en/#organization"},"potentialAction":[{"@type":"SearchAction","target":{"@type":"EntryPoint","urlTemplate":"https://www.gruen-gmbh.de/en/?s={search_term_string}"},"query-input":{"@type":"PropertyValueSpecification","valueRequired":true,"valueName":"search_term_string"}}],"inLanguage":"en-US"},{"@type":"Organization","@id":"https://www.gruen-gmbh.de/en/#organization","name":"Grün GmbH","url":"https://www.gruen-gmbh.de/en/","logo":{"@type":"ImageObject","inLanguage":"en-US","@id":"https://www.gruen-gmbh.de/en/#/schema/logo/image/","url":"https://www.gruen-gmbh.de/wp-content/uploads/2024/07/gruen-logo.webp","contentUrl":"https://www.gruen-gmbh.de/wp-content/uploads/2024/07/gruen-logo.webp","width":672,"height":164,"caption":"Grün GmbH"},"image":{"@id":"https://www.gruen-gmbh.de/en/#/schema/logo/image/"}}]}</script>
<!-- / Yoast SEO plugin. -->

KASK Helm SUPERPLASMA AQ - Grün GmbH

Leichter, kompakter Schutzhelm, maximale Ventilation durch 10 Belüftungsschlitze mit Schutzgitter, individuelle Größeneinstellung mit Drehrad, Ausrüstung für Gehörschutz und Visier, Befestigungsclips für Lampe, Helmhalterung, 4-Punkt Kinnriemen mit Schnellverschluss.

Grün GmbH
